{"id":26971,"date":"2026-04-28T11:54:00","date_gmt":"2026-04-28T09:54:00","guid":{"rendered":"https:\/\/feuerwehr-oedheim.de\/?post_type=einsatz&#038;p=26971"},"modified":"2026-04-28T16:12:20","modified_gmt":"2026-04-28T14:12:20","slug":"06-brand-lithium-ionen-batterien","status":"publish","type":"einsatz","link":"https:\/\/feuerwehr-oedheim.de\/index.php\/einsatzberichte\/06-brand-lithium-ionen-batterien\/","title":{"rendered":"06 | Brand Lithium-Ionen-Batterien"},"content":{"rendered":"\n<p>Die Feuerwehr Oedheim wurde um 11:54 Uhr zu einem Brand von mehreren Beh\u00e4ltern mit Altbatterien an einem Geb\u00e4ude alarmiert. Durch das umsichtige und schnelle Eingreifen anwesender Mitarbeiter konnte eine Ausbreitung des Feuers verhindert werden. Mithilfe Handfeuerl\u00f6scher sowie dem Wegziehen der betroffenen Paletten brachten sie den Brand bereits vor dem Eintreffen der Einsatzkr\u00e4fte unter Kontrolle.<\/p>\n\n\n\n<p>Die Feuerwehr f\u00fchrte neben den Nachl\u00f6scharbeiten noch Kontrollen an der Geb\u00e4udefassade sowie dem Dachgiebel durch, konnte dabei jedoch keine weiteren Brandherde feststellen. <\/p>\n\n\n\n<p>Die Einsatzstelle wurde abschlie\u00dfend an den Betreiber und die Polizei \u00fcbergeben.<\/p>\n\n\n\n<p><\/p>\n\n\n\n<p><\/p>\n\n\n\n<p><\/p>\n\n\n\n<figure class=\"wp-block-image size-full\"><img loading=\"lazy\" decoding=\"async\" width=\"1179\" height=\"1311\" src=\"https:\/\/feuerwehr-oedheim.de\/wp-content\/uploads\/2026\/04\/IMG_0040.jpeg\" alt=\"\" class=\"wp-image-26972\" srcset=\"https:\/\/feuerwehr-oedheim.de\/wp-content\/uploads\/2026\/04\/IMG_0040.jpeg 1179w, https:\/\/feuerwehr-oedheim.de\/wp-content\/uploads\/2026\/04\/IMG_0040-270x300.jpeg 270w, https:\/\/feuerwehr-oedheim.de\/wp-content\/uploads\/2026\/04\/IMG_0040-768x854.jpeg 768w, https:\/\/feuerwehr-oedheim.de\/wp-content\/uploads\/2026\/04\/IMG_0040-540x600.jpeg 540w, https:\/\/feuerwehr-oedheim.de\/wp-content\/uploads\/2026\/04\/IMG_0040-144x160.jpeg 144w\" sizes=\"(max-width: 1179px) 100vw, 1179px\" \/><\/figure>\n","protected":false},"author":8,"featured_media":26972,"template":"","meta":{"einsatz_weight":1,"footnotes":""},"categories":[],"tags":[483,212],"einsatzart":[23],"fahrzeug":[3],"exteinsatzmittel":[102,103,105],"alarmierungsart":[215],"evw_unit":[],"_links":{"self":[{"href":"https:\/\/feuerwehr-oedheim.de\/index.php\/wp-json\/wp\/v2\/einsatz\/26971"}],"collection":[{"href":"https:\/\/feuerwehr-oedheim.de\/index.php\/wp-json\/wp\/v2\/einsatz"}],"about":[{"href":"https:\/\/feuerwehr-oedheim.de\/index.php\/wp-json\/wp\/v2\/types\/einsatz"}],"author":[{"embeddable":true,"href":"https:\/\/feuerwehr-oedheim.de\/index.php\/wp-json\/wp\/v2\/users\/8"}],"version-history":[{"count":1,"href":"https:\/\/feuerwehr-oedheim.de\/index.php\/wp-json\/wp\/v2\/einsatz\/26971\/revisions"}],"predecessor-version":[{"id":26974,"href":"https:\/\/feuerwehr-oedheim.de\/index.php\/wp-json\/wp\/v2\/einsatz\/26971\/revisions\/26974"}],"wp:featuredmedia":[{"embeddable":true,"href":"https:\/\/feuerwehr-oedheim.de\/index.php\/wp-json\/wp\/v2\/media\/26972"}],"wp:attachment":[{"href":"https:\/\/feuerwehr-oedheim.de\/index.php\/wp-json\/wp\/v2\/media?parent=26971"}],"wp:term":[{"taxonomy":"category","embeddable":true,"href":"https:\/\/feuerwehr-oedheim.de\/index.php\/wp-json\/wp\/v2\/categories?post=26971"},{"taxonomy":"post_tag","embeddable":true,"href":"https:\/\/feuerwehr-oedheim.de\/index.php\/wp-json\/wp\/v2\/tags?post=26971"},{"taxonomy":"einsatzart","embeddable":true,"href":"https:\/\/feuerwehr-oedheim.de\/index.php\/wp-json\/wp\/v2\/einsatzart?post=26971"},{"taxonomy":"fahrzeug","embeddable":true,"href":"https:\/\/feuerwehr-oedheim.de\/index.php\/wp-json\/wp\/v2\/fahrzeug?post=26971"},{"taxonomy":"exteinsatzmittel","embeddable":true,"href":"https:\/\/feuerwehr-oedheim.de\/index.php\/wp-json\/wp\/v2\/exteinsatzmittel?post=26971"},{"taxonomy":"alarmierungsart","embeddable":true,"href":"https:\/\/feuerwehr-oedheim.de\/index.php\/wp-json\/wp\/v2\/alarmierungsart?post=26971"},{"taxonomy":"evw_unit","embeddable":true,"href":"https:\/\/feuerwehr-oedheim.de\/index.php\/wp-json\/wp\/v2\/evw_unit?post=26971"}],"curies":[{"name":"wp","href":"https:\/\/api.w.org\/{rel}","templated":true}]}}

<p>Die Feuerwehr Oedheim wurde um 11:54 Uhr zu einem Brand von mehreren Behältern mit Altbatterien an einem Gebäude alarmiert. Durch das umsichtige und schnelle Eingreifen anwesender Mitarbeiter konnte eine Ausbreitung des Feuers verhindert werden. Mithilfe Handfeuerlöscher sowie dem Wegziehen der betroffenen Paletten brachten sie den Brand bereits vor dem Eintreffen der Einsatzkräfte unter Kontrolle.</p>



<p>Die Feuerwehr führte neben den Nachlöscharbeiten noch Kontrollen an der Gebäudefassade sowie dem Dachgiebel durch, konnte dabei jedoch keine weiteren Brandherde feststellen. </p>



<p>Die Einsatzstelle wurde abschließend an den Betreiber und die Polizei übergeben.</p>



<p></p>



<p></p>



<p></p>



<figure class="wp-block-image size-full"><img loading="lazy" decoding="async" width="1179" height="1311" src="https://feuerwehr-oedheim.de/wp-content/uploads/2026/04/IMG_0040.jpeg" alt="" class="wp-image-26972" srcset="https://feuerwehr-oedheim.de/wp-content/uploads/2026/04/IMG_0040.jpeg 1179w, https://feuerwehr-oedheim.de/wp-content/uploads/2026/04/IMG_0040-270x300.jpeg 270w, https://feuerwehr-oedheim.de/wp-content/uploads/2026/04/IMG_0040-768x854.jpeg 768w, https://feuerwehr-oedheim.de/wp-content/uploads/2026/04/IMG_0040-540x600.jpeg 540w, https://feuerwehr-oedheim.de/wp-content/uploads/2026/04/IMG_0040-144x160.jpeg 144w" sizes="(max-width: 1179px) 100vw, 1179px" /></figure>
