{"id":27142,"date":"2026-09-03T13:07:00","date_gmt":"2026-09-03T11:07:00","guid":{"rendered":"https:\/\/feuerwehr-oedheim.de\/?post_type=einsatz&#038;p=27142"},"modified":"2026-09-03T20:06:26","modified_gmt":"2026-09-03T18:06:26","slug":"20-flaechenbrand-am-flugplatz","status":"publish","type":"einsatz","link":"https:\/\/feuerwehr-oedheim.de\/index.php\/einsatzberichte\/20-flaechenbrand-am-flugplatz\/","title":{"rendered":"20 | Fl\u00e4chenbrand am Flugplatz"},"content":{"rendered":"\n<p>Die Feuerwehr Oedheim wurde heute zu einem Fl\u00e4chenbrand am Flugplatz der Meravo alarmiert. Auf einer Fl\u00e4che von rund 200 m\u00b2 war eine Wiese in Brand geraten.<\/p>\n\n\n\n<p>Durch das schnelle und koordinierte Eingreifen der Mitarbeiter des Betriebs sowie den Einsatz des dort stationierten L\u00f6schfahrzeugs (auch genannt der &#8220;kleine Panther&#8221;) konnte der Brand z\u00fcgig einged\u00e4mmt und vollst\u00e4ndig gel\u00f6scht werden.<\/p>\n\n\n\n<p>Die Feuerwehr Oedheim unterst\u00fctzte die bereits laufenden L\u00f6schma\u00dfnahmen und bew\u00e4sserte die angrenzenden Fl\u00e4chen vorsorglich mittels Dachmonitor, um eine weitere Ausbreitung des Feuers zu verhindern.<\/p>\n\n\n\n<p>Nach Abschluss der Ma\u00dfnahmen wurde die Einsatzstelle an den Betreiber \u00fcbergeben.<\/p>\n\n\n\n<hr class=\"wp-block-separator has-alpha-channel-opacity\"\/>\n\n\n\n<div class=\"alignnormal\"><div id=\"metaslider-id-27146\" style=\"width: 100%;\" class=\"ml-slider-3-112-0 metaslider metaslider-flex metaslider-27146 ml-slider has-dots-nav ml-slider-lightbox-2-37-0 lightbox-disabled ms-theme-default-base\" role=\"region\" aria-label=\"Brand 03.09.26\" data-height=\"350\" data-width=\"700\">\n    <div id=\"metaslider_container_27146\">\n        <div id=\"metaslider_27146\">\n            <ul aria-live='off' class='slides'>\n                <li style=\"display: block; width: 100%;\" class=\"slide-27151 ms-image \" aria-roledescription=\"slide\" data-date=\"2026-09-03 19:44:46\" data-filename=\"eea2f5ec-55c5-409a-9ff5-7d10742d6f02-1-700x350.jpeg\" data-slide-type=\"image\"><img loading=\"lazy\" decoding=\"async\" src=\"https:\/\/feuerwehr-oedheim.de\/wp-content\/uploads\/2026\/09\/eea2f5ec-55c5-409a-9ff5-7d10742d6f02-1-700x350.jpeg\" height=\"350\" width=\"700\" alt=\"\" class=\"slider-27146 slide-27151 msDefaultImage\" title=\"eea2f5ec-55c5-409a-9ff5-7d10742d6f02\" \/><\/li>\n                <li style=\"display: none; width: 100%;\" class=\"slide-27152 ms-image \" aria-roledescription=\"slide\" data-date=\"2026-09-03 19:44:46\" data-filename=\"ebad25b6-6825-4a5f-9bbb-64781c20243c-700x350.jpeg\" data-slide-type=\"image\"><img loading=\"lazy\" decoding=\"async\" src=\"https:\/\/feuerwehr-oedheim.de\/wp-content\/uploads\/2026\/09\/ebad25b6-6825-4a5f-9bbb-64781c20243c-700x350.jpeg\" height=\"350\" width=\"700\" alt=\"\" class=\"slider-27146 slide-27152 msDefaultImage\" title=\"ebad25b6-6825-4a5f-9bbb-64781c20243c\" \/><\/li>\n                <li style=\"display: none; width: 100%;\" class=\"slide-27153 ms-image \" aria-roledescription=\"slide\" data-date=\"2026-09-03 19:44:46\" data-filename=\"28b8d3b0-661e-4f12-8ecb-b4eafb20f243-700x350.jpeg\" data-slide-type=\"image\"><img loading=\"lazy\" decoding=\"async\" src=\"https:\/\/feuerwehr-oedheim.de\/wp-content\/uploads\/2026\/09\/28b8d3b0-661e-4f12-8ecb-b4eafb20f243-700x350.jpeg\" height=\"350\" width=\"700\" alt=\"\" class=\"slider-27146 slide-27153 msDefaultImage\" title=\"28b8d3b0-661e-4f12-8ecb-b4eafb20f243\" \/><\/li>\n                <li style=\"display: none; width: 100%;\" class=\"slide-27154 ms-image \" aria-roledescription=\"slide\" data-date=\"2026-09-03 19:44:47\" data-filename=\"f92ecf20-1ab4-4d4b-ae20-275fa363916a-700x350.jpeg\" data-slide-type=\"image\"><img loading=\"lazy\" decoding=\"async\" src=\"https:\/\/feuerwehr-oedheim.de\/wp-content\/uploads\/2026\/09\/f92ecf20-1ab4-4d4b-ae20-275fa363916a-700x350.jpeg\" height=\"350\" width=\"700\" alt=\"\" class=\"slider-27146 slide-27154 msDefaultImage\" title=\"f92ecf20-1ab4-4d4b-ae20-275fa363916a\" \/><\/li>\n            <\/ul>\n        <\/div>\n        \n    <\/div>\n<\/div><\/div>\n","protected":false},"author":8,"featured_media":27143,"template":"","meta":{"einsatz_weight":1,"footnotes":"","_members_access_role":[],"_members_access_error":""},"categories":[],"tags":[483,212],"einsatzart":[83],"fahrzeug":[2,30],"exteinsatzmittel":[501],"alarmierungsart":[215],"evw_unit":[],"_links":{"self":[{"href":"https:\/\/feuerwehr-oedheim.de\/index.php\/wp-json\/wp\/v2\/einsatz\/27142"}],"collection":[{"href":"https:\/\/feuerwehr-oedheim.de\/index.php\/wp-json\/wp\/v2\/einsatz"}],"about":[{"href":"https:\/\/feuerwehr-oedheim.de\/index.php\/wp-json\/wp\/v2\/types\/einsatz"}],"author":[{"embeddable":true,"href":"https:\/\/feuerwehr-oedheim.de\/index.php\/wp-json\/wp\/v2\/users\/8"}],"version-history":[{"count":2,"href":"https:\/\/feuerwehr-oedheim.de\/index.php\/wp-json\/wp\/v2\/einsatz\/27142\/revisions"}],"predecessor-version":[{"id":27155,"href":"https:\/\/feuerwehr-oedheim.de\/index.php\/wp-json\/wp\/v2\/einsatz\/27142\/revisions\/27155"}],"wp:featuredmedia":[{"embeddable":true,"href":"https:\/\/feuerwehr-oedheim.de\/index.php\/wp-json\/wp\/v2\/media\/27143"}],"wp:attachment":[{"href":"https:\/\/feuerwehr-oedheim.de\/index.php\/wp-json\/wp\/v2\/media?parent=27142"}],"wp:term":[{"taxonomy":"category","embeddable":true,"href":"https:\/\/feuerwehr-oedheim.de\/index.php\/wp-json\/wp\/v2\/categories?post=27142"},{"taxonomy":"post_tag","embeddable":true,"href":"https:\/\/feuerwehr-oedheim.de\/index.php\/wp-json\/wp\/v2\/tags?post=27142"},{"taxonomy":"einsatzart","embeddable":true,"href":"https:\/\/feuerwehr-oedheim.de\/index.php\/wp-json\/wp\/v2\/einsatzart?post=27142"},{"taxonomy":"fahrzeug","embeddable":true,"href":"https:\/\/feuerwehr-oedheim.de\/index.php\/wp-json\/wp\/v2\/fahrzeug?post=27142"},{"taxonomy":"exteinsatzmittel","embeddable":true,"href":"https:\/\/feuerwehr-oedheim.de\/index.php\/wp-json\/wp\/v2\/exteinsatzmittel?post=27142"},{"taxonomy":"alarmierungsart","embeddable":true,"href":"https:\/\/feuerwehr-oedheim.de\/index.php\/wp-json\/wp\/v2\/alarmierungsart?post=27142"},{"taxonomy":"evw_unit","embeddable":true,"href":"https:\/\/feuerwehr-oedheim.de\/index.php\/wp-json\/wp\/v2\/evw_unit?post=27142"}],"curies":[{"name":"wp","href":"https:\/\/api.w.org\/{rel}","templated":true}]}}

20 | Flächenbrand am Flugplatz

<p>Die Feuerwehr Oedheim wurde heute zu einem Flächenbrand am Flugplatz der Meravo alarmiert. Auf einer Fläche von rund 200 m² war eine Wiese in Brand geraten.</p>



<p>Durch das schnelle und koordinierte Eingreifen der Mitarbeiter des Betriebs sowie den Einsatz des dort stationierten Löschfahrzeugs (auch genannt der &#8220;kleine Panther&#8221;) konnte der Brand zügig eingedämmt und vollständig gelöscht werden.</p>



<p>Die Feuerwehr Oedheim unterstützte die bereits laufenden Löschmaßnahmen und bewässerte die angrenzenden Flächen vorsorglich mittels Dachmonitor, um eine weitere Ausbreitung des Feuers zu verhindern.</p>



<p>Nach Abschluss der Maßnahmen wurde die Einsatzstelle an den Betreiber übergeben.</p>



<hr class="wp-block-separator has-alpha-channel-opacity"/>



<div class="alignnormal"><div id="metaslider-id-27146" style="width: 100%;" class="ml-slider-3-112-0 metaslider metaslider-flex metaslider-27146 ml-slider has-dots-nav ml-slider-lightbox-2-37-0 lightbox-disabled ms-theme-default-base" role="region" aria-label="Brand 03.09.26" data-height="350" data-width="700">
    <div id="metaslider_container_27146">
        <div id="metaslider_27146">
            <ul aria-live='off' class='slides'>
                <li style="display: block; width: 100%;" class="slide-27151 ms-image " aria-roledescription="slide" data-date="2026-09-03 19:44:46" data-filename="eea2f5ec-55c5-409a-9ff5-7d10742d6f02-1-700x350.jpeg" data-slide-type="image"><img loading="lazy" decoding="async" src="https://feuerwehr-oedheim.de/wp-content/uploads/2026/09/eea2f5ec-55c5-409a-9ff5-7d10742d6f02-1-700x350.jpeg" height="350" width="700" alt="" class="slider-27146 slide-27151 msDefaultImage" title="eea2f5ec-55c5-409a-9ff5-7d10742d6f02" /></li>
                <li style="display: none; width: 100%;" class="slide-27152 ms-image " aria-roledescription="slide" data-date="2026-09-03 19:44:46" data-filename="ebad25b6-6825-4a5f-9bbb-64781c20243c-700x350.jpeg" data-slide-type="image"><img loading="lazy" decoding="async" src="https://feuerwehr-oedheim.de/wp-content/uploads/2026/09/ebad25b6-6825-4a5f-9bbb-64781c20243c-700x350.jpeg" height="350" width="700" alt="" class="slider-27146 slide-27152 msDefaultImage" title="ebad25b6-6825-4a5f-9bbb-64781c20243c" /></li>
                <li style="display: none; width: 100%;" class="slide-27153 ms-image " aria-roledescription="slide" data-date="2026-09-03 19:44:46" data-filename="28b8d3b0-661e-4f12-8ecb-b4eafb20f243-700x350.jpeg" data-slide-type="image"><img loading="lazy" decoding="async" src="https://feuerwehr-oedheim.de/wp-content/uploads/2026/09/28b8d3b0-661e-4f12-8ecb-b4eafb20f243-700x350.jpeg" height="350" width="700" alt="" class="slider-27146 slide-27153 msDefaultImage" title="28b8d3b0-661e-4f12-8ecb-b4eafb20f243" /></li>
                <li style="display: none; width: 100%;" class="slide-27154 ms-image " aria-roledescription="slide" data-date="2026-09-03 19:44:47" data-filename="f92ecf20-1ab4-4d4b-ae20-275fa363916a-700x350.jpeg" data-slide-type="image"><img loading="lazy" decoding="async" src="https://feuerwehr-oedheim.de/wp-content/uploads/2026/09/f92ecf20-1ab4-4d4b-ae20-275fa363916a-700x350.jpeg" height="350" width="700" alt="" class="slider-27146 slide-27154 msDefaultImage" title="f92ecf20-1ab4-4d4b-ae20-275fa363916a" /></li>
            </ul>
        </div>
        
    </div>
</div></div>
