{"id":15,"date":"2017-10-26T08:12:33","date_gmt":"2017-10-26T08:12:33","guid":{"rendered":"http:\/\/feuerwehr-oedheim.de\/Wordpress\/?page_id=15"},"modified":"2025-10-17T09:14:35","modified_gmt":"2025-10-17T07:14:35","slug":"einsatzabteilung","status":"publish","type":"page","link":"https:\/\/feuerwehr-oedheim.de\/index.php\/abteilungen\/einsatzabteilung\/","title":{"rendered":"Einsatzabteilung"},"content":{"rendered":"<div id=\"pl-gb15-69f53a6d5ba49\"  class=\"panel-layout wp-block-siteorigin-panels-layout-block\" ><div id=\"pg-gb15-69f53a6d5ba49-0\"  class=\"panel-grid panel-has-style\" ><div class=\"siteorigin-panels-stretch panel-row-style panel-row-style-for-gb15-69f53a6d5ba49-0\" data-stretch-type=\"full\" ><div id=\"pgc-gb15-69f53a6d5ba49-0-0\"  class=\"panel-grid-cell\" ><div id=\"panel-gb15-69f53a6d5ba49-0-0-0\" class=\"so-panel widget widget_sow-button panel-first-child\" data-index=\"0\" ><div class=\"panel-widget-style panel-widget-style-for-gb15-69f53a6d5ba49-0-0-0\" ><div\n\t\t\t\n\t\t\tclass=\"so-widget-sow-button so-widget-sow-button-atom-48af112cc430-15\"\n\t\t\t\n\t\t><div class=\"ow-button-base ow-button-align-center\"\n>\n\t\t\t<a\n\t\t\t\t\thref=\"https:\/\/feuerwehr-oedheim.de\/index.php\/unsere-zugfuehrer\/\"\n\t\t\t\t\tclass=\"sowb-button ow-icon-placement-left ow-button-hover\" target=\"_blank\" rel=\"noopener noreferrer\" \t>\n\t\t<span>\n\t\t\t\n\t\t\tZugf\u00fchrer\t\t<\/span>\n\t\t\t<\/a>\n\t<\/div>\n<\/div><\/div><\/div><div id=\"panel-gb15-69f53a6d5ba49-0-0-1\" class=\"so-panel widget widget_sow-button panel-last-child\" data-index=\"1\" ><div class=\"panel-widget-style panel-widget-style-for-gb15-69f53a6d5ba49-0-0-1\" ><div\n\t\t\t\n\t\t\tclass=\"so-widget-sow-button so-widget-sow-button-atom-8c3291c61480-15\"\n\t\t\t\n\t\t><div class=\"ow-button-base ow-button-align-center\"\n>\n\t\t\t<a\n\t\t\t\t\thref=\"https:\/\/feuerwehr-oedheim.de\/index.php\/unsere-geraetewarte\/\"\n\t\t\t\t\tclass=\"sowb-button ow-icon-placement-left ow-button-hover\" target=\"_blank\" rel=\"noopener noreferrer\" \t>\n\t\t<span>\n\t\t\t\n\t\t\tGer\u00e4tewarte\t\t<\/span>\n\t\t\t<\/a>\n\t<\/div>\n<\/div><\/div><\/div><\/div><div id=\"pgc-gb15-69f53a6d5ba49-0-1\"  class=\"panel-grid-cell\" ><div id=\"panel-gb15-69f53a6d5ba49-0-1-0\" class=\"so-panel widget widget_sow-button panel-first-child\" data-index=\"2\" ><div class=\"panel-widget-style panel-widget-style-for-gb15-69f53a6d5ba49-0-1-0\" ><div\n\t\t\t\n\t\t\tclass=\"so-widget-sow-button so-widget-sow-button-atom-8c3291c61480-15\"\n\t\t\t\n\t\t><div class=\"ow-button-base ow-button-align-center\"\n>\n\t\t\t<a\n\t\t\t\t\thref=\"https:\/\/feuerwehr-oedheim.de\/index.php\/unsere-verantwortlichen-fuer-die-aus-und-weiterbildung\/\"\n\t\t\t\t\tclass=\"sowb-button ow-icon-placement-left ow-button-hover\" target=\"_blank\" rel=\"noopener noreferrer\" \t>\n\t\t<span>\n\t\t\t\n\t\t\tAusbildung\t\t<\/span>\n\t\t\t<\/a>\n\t<\/div>\n<\/div><\/div><\/div><div id=\"panel-gb15-69f53a6d5ba49-0-1-1\" class=\"so-panel widget widget_sow-button panel-last-child\" data-index=\"3\" ><div class=\"panel-widget-style panel-widget-style-for-gb15-69f53a6d5ba49-0-1-1\" ><div\n\t\t\t\n\t\t\tclass=\"so-widget-sow-button so-widget-sow-button-atom-48af112cc430-15\"\n\t\t\t\n\t\t><div class=\"ow-button-base ow-button-align-center\"\n>\n\t\t\t<a\n\t\t\t\t\thref=\"https:\/\/feuerwehr-oedheim.de\/index.php\/unsere-ausschussmitglieder\/\"\n\t\t\t\t\tclass=\"sowb-button ow-icon-placement-left ow-button-hover\" target=\"_blank\" rel=\"noopener noreferrer\" \t>\n\t\t<span>\n\t\t\t\n\t\t\tAusschuss\t\t<\/span>\n\t\t\t<\/a>\n\t<\/div>\n<\/div><\/div><\/div><\/div><\/div><\/div><\/div>\n\n<p><a href=\"https:\/\/feuerwehr-oedheim.de\/wp-content\/uploads\/2017\/10\/Mannschaft.jpg\" data-src=\"https:\/\/feuerwehr-oedheim.de\/wp-content\/uploads\/2017\/10\/Mannschaft.jpg\" data-thumb=\"http:\/\/feuerwehr-oedheim.de\/wp-content\/uploads\/2017\/10\/Mannschaft.jpg\" class=\"ml-lightbox-enabled\"><img loading=\"lazy\" decoding=\"async\" class=\"alignnone wp-image-283 size-full\" src=\"http:\/\/feuerwehr-oedheim.de\/wp-content\/uploads\/2017\/10\/Mannschaft.jpg\" alt=\"\" width=\"800\" height=\"533\" srcset=\"https:\/\/feuerwehr-oedheim.de\/wp-content\/uploads\/2017\/10\/Mannschaft.jpg 800w, https:\/\/feuerwehr-oedheim.de\/wp-content\/uploads\/2017\/10\/Mannschaft-300x200.jpg 300w, https:\/\/feuerwehr-oedheim.de\/wp-content\/uploads\/2017\/10\/Mannschaft-768x512.jpg 768w, https:\/\/feuerwehr-oedheim.de\/wp-content\/uploads\/2017\/10\/Mannschaft-600x400.jpg 600w, https:\/\/feuerwehr-oedheim.de\/wp-content\/uploads\/2017\/10\/Mannschaft-240x160.jpg 240w\" sizes=\"(max-width: 800px) 100vw, 800px\" \/><\/a><\/p>\n<p>\u00a0<\/p>\n<p>Die Kameradinnen und Kameraden sorgen an 365 Tagen im Jahr, sieben Tage die Woche, 24 Stunden am Tag f\u00fcr die Sicherheit der Oedheimer und Degmarner B\u00fcrgerinnen und B\u00fcrger.<\/p>\n<p>Das Einsatzspektrum ist in den letzten Jahren immer breiter geworden. So musste die Feuerwehr von den klassischen Br\u00e4nden und Hilfeleistungen wie z.B. bei Verkehrsunf\u00e4llen auch mehrere Unwetterereignisse, Gro\u00dfeins\u00e4tze und sonstige T\u00e4tigkeiten \u00fcbernehmen. Auch Brandsicherheitswachen, Brandschutzunterweisungen oder Brandschutzerziehung geh\u00f6rt in das Aufgabenspektrum der Einsatzabteilung.<\/p>\n<p>Da die Aufgaben einer Feuerwehr immer komplexer werden, wird verst\u00e4rkt auf Fachgruppen gesetzt, die sich sehr speziell auf Themen und Fachbereiche aus- und fortgebildet werden. Die Grundt\u00e4tigkeiten f\u00fcr den klassischen Feuerwehreinsatz und auch die notwendigen Kenntnisse im Sprechfunk lernen alle Angeh\u00f6rigen der Einsatzabteilung. Hinzu kommen die Ausbildungen zum Atemschutzger\u00e4tetr\u00e4ger, zum Maschinisten oder auch zu den einzelnen F\u00fchrungsaufgaben.<\/p>\n<p>Unserer <a href=\"https:\/\/feuerwehr-oedheim.de\/index.php\/unsere-experten\/elektrofachgruppe\/\">Fachgruppe Elektrotechnik<\/a> geh\u00f6ren haupts\u00e4chlich Kameraden an, die eine Berufsausbildung in diesem Bereich mitbringen. Sie vertiefen regelm\u00e4\u00dfig ihr Wissen im Umgang mit Elektrizit\u00e4t an der Einsatzstelle. Dies umfasst z.B. Photovoltaikanlagen, alternative Antriebe in Kraftfahrzeugen aber auch diverse Messtechniken die bei Unwettereins\u00e4tzen von N\u00f6ten sind.<\/p>\n<p>Mit der Gr\u00fcndung der <a href=\"https:\/\/feuerwehr-oedheim.de\/index.php\/unsere-experten\/fuehrungsunterstuetzungseinheit\/\">F\u00fchrungsunterst\u00fctzungseinheit<\/a> (F\u00fcUE) im Januar 2022 wurde ein weiterer wichtiger Baustein im Bereich der Fachgruppen gelegt. Neben der Leitung dieser Gruppe durch einen Zugf\u00fchrer, werden verschiedene Kameraden*innen als F\u00fchrungshilfspersonal ausgebildet. Au\u00dfer den Grundlagen der F\u00fchrung im Feuerwehreinsatz, welche in der Feuerwehrdienstvorschrift 100 erl\u00e4utert sind, gilt es vertiefte Kenntnisse im Bereich Sprechfunk, Erstellen einer Lagekarte, F\u00fchren eines Einsatztagebuchs und der Anwendung weiterer F\u00fchrungsmittel zur Informationsgewinnung zu vermitteln.<\/p>\n<p>Dasselbe gilt f\u00fcr unsere Fachgruppe Absturzsicherung. Dieser geh\u00f6ren schwindelfreie Kameradinnen und Kameraden an welche sich regelm\u00e4\u00dfig mit den Ausr\u00fcstungsgegenst\u00e4nden der Absturzsicherung vertraut werden. Ziel dieser Gruppe ist es, an Personen heranzukommen, die in gro\u00dfer H\u00f6he verunfallt sind und die Hilfe der Feuerwehr ben\u00f6tigen. Die Kameraden k\u00f6nnen mit Hilfe der Absturzsicherung zu den Patienten vordringen um diese zu sichern und erst zu versorgen. Im weiteren Verlauf kommt dann eine H\u00f6henrettungsgruppe zum Einsatz, die die Verunfallten sicher zu Boden bringt, damit der Rettungsdienst die weitere Versorgung \u00fcbernehmen kann.<\/p>\n<p>Eine weitere Gruppe von Fachleuten sind unsere Fachberater. Zum Fachberater in der Einsatzabteilung werden Kameraden ernannt, die \u00fcber spezielles Fachwissen aufgrund ihrer beruflichen Ausbildung verf\u00fcgen. Die Fachberaten m\u00fcssen auch nicht zwingend die Grundausbildungen ableisten, da sie gesonderte Aufgaben im Einsatz \u00fcbernehmen.<\/p>\n<p>Die Feuerwehr Oedheim verf\u00fcgt ebenso \u00fcber einen Fachberater Notarzt. Dieser r\u00fcckt bei Eins\u00e4tzen zeitnah mit aus, um direkt an der Einsatzstelle die verungl\u00fcckten Personen medizinisch versorgen zu k\u00f6nnen, bis die Kollegen des Rettungsdienstes eintreffen. Dies ist nicht nur ein gro\u00dfer Mehrwert f\u00fcr die verunfallten Patienten sondern auch f\u00fcr die Kameradinnen und Kameraden die bei der Erstversorgung eine medizinischer Fachkraft an der Seite haben. Seit 2024 wurde der medizinische Bereich durch eine <a href=\"https:\/\/feuerwehr-oedheim.de\/index.php\/unsere-experten\/feuerwehrnotzarzt\/\">Helfer-vor-Ort-Einheit<\/a> erg\u00e4nzt und wird durch unseren Feuerwehrnotarzt geleitet.\u00a0<\/p>\n<p>Einen weiteren Fachberater konnten wir 2016 ernennen. Im Zuge des Um-und Anbaus unseres Feuerwehrhauses wurde auch der Bereich EDV und Funk an den neusten Stand der Technik angepasst. Da dieser Bereich technisch immer komplexer wird, hatten wir das Gl\u00fcck, einen Fachmann zu finden, der sich f\u00fcr dieses Thema ehrenamtlich bei uns engagieren wollte. Als Fachberater ist er Teil der Einsatzabteilung und betreut die Technik im Feuerwehrhaus. Er nimmt nicht aktiv an Eins\u00e4tzen teil, ist aber bei Gro\u00dfschadenslagen jederzeit griffbereit um im Bedarfsfall technisch im Feuerwehrhaus unterst\u00fctzen zu k\u00f6nnen.<\/p>","protected":false},"excerpt":{"rendered":"<p>\u00a0 Die Kameradinnen und Kameraden sorgen an 365 Tagen im Jahr, sieben Tage die Woche, 24 Stunden am Tag f\u00fcr die Sicherheit der Oedheimer und Degmarner B\u00fcrgerinnen und B\u00fcrger. Das <a class=\"more-link\" href=\"https:\/\/feuerwehr-oedheim.de\/index.php\/abteilungen\/einsatzabteilung\/\">weiterlesen \u2192<\/a><\/p>\n","protected":false},"author":1,"featured_media":0,"parent":523,"menu_order":20,"comment_status":"closed","ping_status":"closed","template":"","meta":{"footnotes":""},"_links":{"self":[{"href":"https:\/\/feuerwehr-oedheim.de\/index.php\/wp-json\/wp\/v2\/pages\/15"}],"collection":[{"href":"https:\/\/feuerwehr-oedheim.de\/index.php\/wp-json\/wp\/v2\/pages"}],"about":[{"href":"https:\/\/feuerwehr-oedheim.de\/index.php\/wp-json\/wp\/v2\/types\/page"}],"author":[{"embeddable":true,"href":"https:\/\/feuerwehr-oedheim.de\/index.php\/wp-json\/wp\/v2\/users\/1"}],"replies":[{"embeddable":true,"href":"https:\/\/feuerwehr-oedheim.de\/index.php\/wp-json\/wp\/v2\/comments?post=15"}],"version-history":[{"count":26,"href":"https:\/\/feuerwehr-oedheim.de\/index.php\/wp-json\/wp\/v2\/pages\/15\/revisions"}],"predecessor-version":[{"id":26414,"href":"https:\/\/feuerwehr-oedheim.de\/index.php\/wp-json\/wp\/v2\/pages\/15\/revisions\/26414"}],"up":[{"embeddable":true,"href":"https:\/\/feuerwehr-oedheim.de\/index.php\/wp-json\/wp\/v2\/pages\/523"}],"wp:attachment":[{"href":"https:\/\/feuerwehr-oedheim.de\/index.php\/wp-json\/wp\/v2\/media?parent=15"}],"curies":[{"name":"wp","href":"https:\/\/api.w.org\/{rel}","templated":true}]}}

<div id="pl-gb15-69f53a6d5ba49"  class="panel-layout wp-block-siteorigin-panels-layout-block" ><div id="pg-gb15-69f53a6d5ba49-0"  class="panel-grid panel-has-style" ><div class="siteorigin-panels-stretch panel-row-style panel-row-style-for-gb15-69f53a6d5ba49-0" data-stretch-type="full" ><div id="pgc-gb15-69f53a6d5ba49-0-0"  class="panel-grid-cell" ><div id="panel-gb15-69f53a6d5ba49-0-0-0" class="so-panel widget widget_sow-button panel-first-child" data-index="0" ><div class="panel-widget-style panel-widget-style-for-gb15-69f53a6d5ba49-0-0-0" ><div
			
			class="so-widget-sow-button so-widget-sow-button-atom-48af112cc430-15"
			
		><div class="ow-button-base ow-button-align-center"
>
			<a
					href="https://feuerwehr-oedheim.de/index.php/unsere-zugfuehrer/"
					class="sowb-button ow-icon-placement-left ow-button-hover" target="_blank" rel="noopener noreferrer" 	>
		<span>
			
			Zugführer		</span>
			</a>
	</div>
</div></div></div><div id="panel-gb15-69f53a6d5ba49-0-0-1" class="so-panel widget widget_sow-button panel-last-child" data-index="1" ><div class="panel-widget-style panel-widget-style-for-gb15-69f53a6d5ba49-0-0-1" ><div
			
			class="so-widget-sow-button so-widget-sow-button-atom-8c3291c61480-15"
			
		><div class="ow-button-base ow-button-align-center"
>
			<a
					href="https://feuerwehr-oedheim.de/index.php/unsere-geraetewarte/"
					class="sowb-button ow-icon-placement-left ow-button-hover" target="_blank" rel="noopener noreferrer" 	>
		<span>
			
			Gerätewarte		</span>
			</a>
	</div>
</div></div></div></div><div id="pgc-gb15-69f53a6d5ba49-0-1"  class="panel-grid-cell" ><div id="panel-gb15-69f53a6d5ba49-0-1-0" class="so-panel widget widget_sow-button panel-first-child" data-index="2" ><div class="panel-widget-style panel-widget-style-for-gb15-69f53a6d5ba49-0-1-0" ><div
			
			class="so-widget-sow-button so-widget-sow-button-atom-8c3291c61480-15"
			
		><div class="ow-button-base ow-button-align-center"
>
			<a
					href="https://feuerwehr-oedheim.de/index.php/unsere-verantwortlichen-fuer-die-aus-und-weiterbildung/"
					class="sowb-button ow-icon-placement-left ow-button-hover" target="_blank" rel="noopener noreferrer" 	>
		<span>
			
			Ausbildung		</span>
			</a>
	</div>
</div></div></div><div id="panel-gb15-69f53a6d5ba49-0-1-1" class="so-panel widget widget_sow-button panel-last-child" data-index="3" ><div class="panel-widget-style panel-widget-style-for-gb15-69f53a6d5ba49-0-1-1" ><div
			
			class="so-widget-sow-button so-widget-sow-button-atom-48af112cc430-15"
			
		><div class="ow-button-base ow-button-align-center"
>
			<a
					href="https://feuerwehr-oedheim.de/index.php/unsere-ausschussmitglieder/"
					class="sowb-button ow-icon-placement-left ow-button-hover" target="_blank" rel="noopener noreferrer" 	>
		<span>
			
			Ausschuss		</span>
			</a>
	</div>
</div></div></div></div></div></div></div>

<p><a href="https://feuerwehr-oedheim.de/wp-content/uploads/2017/10/Mannschaft.jpg" data-src="https://feuerwehr-oedheim.de/wp-content/uploads/2017/10/Mannschaft.jpg" data-thumb="http://feuerwehr-oedheim.de/wp-content/uploads/2017/10/Mannschaft.jpg" class="ml-lightbox-enabled"><img loading="lazy" decoding="async" class="alignnone wp-image-283 size-full" src="http://feuerwehr-oedheim.de/wp-content/uploads/2017/10/Mannschaft.jpg" alt="" width="800" height="533" srcset="https://feuerwehr-oedheim.de/wp-content/uploads/2017/10/Mannschaft.jpg 800w, https://feuerwehr-oedheim.de/wp-content/uploads/2017/10/Mannschaft-300x200.jpg 300w, https://feuerwehr-oedheim.de/wp-content/uploads/2017/10/Mannschaft-768x512.jpg 768w, https://feuerwehr-oedheim.de/wp-content/uploads/2017/10/Mannschaft-600x400.jpg 600w, https://feuerwehr-oedheim.de/wp-content/uploads/2017/10/Mannschaft-240x160.jpg 240w" sizes="(max-width: 800px) 100vw, 800px" /></a></p>
<p> </p>
<p>Die Kameradinnen und Kameraden sorgen an 365 Tagen im Jahr, sieben Tage die Woche, 24 Stunden am Tag für die Sicherheit der Oedheimer und Degmarner Bürgerinnen und Bürger.</p>
<p>Das Einsatzspektrum ist in den letzten Jahren immer breiter geworden. So musste die Feuerwehr von den klassischen Bränden und Hilfeleistungen wie z.B. bei Verkehrsunfällen auch mehrere Unwetterereignisse, Großeinsätze und sonstige Tätigkeiten übernehmen. Auch Brandsicherheitswachen, Brandschutzunterweisungen oder Brandschutzerziehung gehört in das Aufgabenspektrum der Einsatzabteilung.</p>
<p>Da die Aufgaben einer Feuerwehr immer komplexer werden, wird verstärkt auf Fachgruppen gesetzt, die sich sehr speziell auf Themen und Fachbereiche aus- und fortgebildet werden. Die Grundtätigkeiten für den klassischen Feuerwehreinsatz und auch die notwendigen Kenntnisse im Sprechfunk lernen alle Angehörigen der Einsatzabteilung. Hinzu kommen die Ausbildungen zum Atemschutzgeräteträger, zum Maschinisten oder auch zu den einzelnen Führungsaufgaben.</p>
<p>Unserer <a href="https://feuerwehr-oedheim.de/index.php/unsere-experten/elektrofachgruppe/">Fachgruppe Elektrotechnik</a> gehören hauptsächlich Kameraden an, die eine Berufsausbildung in diesem Bereich mitbringen. Sie vertiefen regelmäßig ihr Wissen im Umgang mit Elektrizität an der Einsatzstelle. Dies umfasst z.B. Photovoltaikanlagen, alternative Antriebe in Kraftfahrzeugen aber auch diverse Messtechniken die bei Unwettereinsätzen von Nöten sind.</p>
<p>Mit der Gründung der <a href="https://feuerwehr-oedheim.de/index.php/unsere-experten/fuehrungsunterstuetzungseinheit/">Führungsunterstützungseinheit</a> (FüUE) im Januar 2022 wurde ein weiterer wichtiger Baustein im Bereich der Fachgruppen gelegt. Neben der Leitung dieser Gruppe durch einen Zugführer, werden verschiedene Kameraden*innen als Führungshilfspersonal ausgebildet. Außer den Grundlagen der Führung im Feuerwehreinsatz, welche in der Feuerwehrdienstvorschrift 100 erläutert sind, gilt es vertiefte Kenntnisse im Bereich Sprechfunk, Erstellen einer Lagekarte, Führen eines Einsatztagebuchs und der Anwendung weiterer Führungsmittel zur Informationsgewinnung zu vermitteln.</p>
<p>Dasselbe gilt für unsere Fachgruppe Absturzsicherung. Dieser gehören schwindelfreie Kameradinnen und Kameraden an welche sich regelmäßig mit den Ausrüstungsgegenständen der Absturzsicherung vertraut werden. Ziel dieser Gruppe ist es, an Personen heranzukommen, die in großer Höhe verunfallt sind und die Hilfe der Feuerwehr benötigen. Die Kameraden können mit Hilfe der Absturzsicherung zu den Patienten vordringen um diese zu sichern und erst zu versorgen. Im weiteren Verlauf kommt dann eine Höhenrettungsgruppe zum Einsatz, die die Verunfallten sicher zu Boden bringt, damit der Rettungsdienst die weitere Versorgung übernehmen kann.</p>
<p>Eine weitere Gruppe von Fachleuten sind unsere Fachberater. Zum Fachberater in der Einsatzabteilung werden Kameraden ernannt, die über spezielles Fachwissen aufgrund ihrer beruflichen Ausbildung verfügen. Die Fachberaten müssen auch nicht zwingend die Grundausbildungen ableisten, da sie gesonderte Aufgaben im Einsatz übernehmen.</p>
<p>Die Feuerwehr Oedheim verfügt ebenso über einen Fachberater Notarzt. Dieser rückt bei Einsätzen zeitnah mit aus, um direkt an der Einsatzstelle die verunglückten Personen medizinisch versorgen zu können, bis die Kollegen des Rettungsdienstes eintreffen. Dies ist nicht nur ein großer Mehrwert für die verunfallten Patienten sondern auch für die Kameradinnen und Kameraden die bei der Erstversorgung eine medizinischer Fachkraft an der Seite haben. Seit 2024 wurde der medizinische Bereich durch eine <a href="https://feuerwehr-oedheim.de/index.php/unsere-experten/feuerwehrnotzarzt/">Helfer-vor-Ort-Einheit</a> ergänzt und wird durch unseren Feuerwehrnotarzt geleitet. </p>
<p>Einen weiteren Fachberater konnten wir 2016 ernennen. Im Zuge des Um-und Anbaus unseres Feuerwehrhauses wurde auch der Bereich EDV und Funk an den neusten Stand der Technik angepasst. Da dieser Bereich technisch immer komplexer wird, hatten wir das Glück, einen Fachmann zu finden, der sich für dieses Thema ehrenamtlich bei uns engagieren wollte. Als Fachberater ist er Teil der Einsatzabteilung und betreut die Technik im Feuerwehrhaus. Er nimmt nicht aktiv an Einsätzen teil, ist aber bei Großschadenslagen jederzeit griffbereit um im Bedarfsfall technisch im Feuerwehrhaus unterstützen zu können.</p>

<p>  Die Kameradinnen und Kameraden sorgen an 365 Tagen im Jahr, sieben Tage die Woche, 24 Stunden am Tag für die Sicherheit der Oedheimer und Degmarner Bürgerinnen und Bürger. Das <a class="more-link" href="https://feuerwehr-oedheim.de/index.php/abteilungen/einsatzabteilung/">weiterlesen →</a></p>
