{"id":25,"date":"2017-10-26T08:20:07","date_gmt":"2017-10-26T08:20:07","guid":{"rendered":"http:\/\/feuerwehr-oedheim.de\/Wordpress\/?page_id=25"},"modified":"2025-12-22T18:47:14","modified_gmt":"2025-12-22T16:47:14","slug":"kindergruppe","status":"publish","type":"page","link":"https:\/\/feuerwehr-oedheim.de\/index.php\/das-jugendfeuerwehr-team\/kindergruppe\/","title":{"rendered":"Kindergruppe"},"content":{"rendered":"<div id=\"pl-25\"  class=\"panel-layout\" ><div id=\"pg-25-0\"  class=\"panel-grid panel-no-style\" ><div id=\"pgc-25-0-0\"  class=\"panel-grid-cell\" ><div id=\"panel-25-0-0-0\" class=\"so-panel widget widget_sow-editor panel-first-child\" data-index=\"0\" ><div\n\t\t\t\n\t\t\tclass=\"so-widget-sow-editor so-widget-sow-editor-base\"\n\t\t\t\n\t\t>\n<div class=\"siteorigin-widget-tinymce textwidget\">\n\t<p>Die im Jahre 2016 neu gegr\u00fcndete Kindergruppe ist einer der wichtigsten Bestandteile der Jugendfeuerwehrarbeit in Oedheim. Denn fr\u00fchzeitig versucht man hier Kinder im Alter ab dem siebten (bzw. sechsten und bereits in der ersten Klasse) Lebensjahr f\u00fcr den Feuerwehralltag zu begeistern. \u201eNachwuchsf\u00f6rderung\u201c steht immer als Oberbegriff, wenn es um die \u00dcbungsplanung geht. Neben Spa\u00df und Spielen, wird durch Themen wie z.B. der Brandfr\u00fcherziehung, auch das Grundwissen einer Feuerwehr vermittelt.<img loading=\"lazy\" decoding=\"async\" class=\"size-medium wp-image-24523 alignright\" src=\"http:\/\/feuerwehr-oedheim.de\/wp-content\/uploads\/2022\/10\/Kinder3-300x225.jpg\" alt=\"\" width=\"300\" height=\"225\" srcset=\"https:\/\/feuerwehr-oedheim.de\/wp-content\/uploads\/2022\/10\/Kinder3-300x225.jpg 300w, https:\/\/feuerwehr-oedheim.de\/wp-content\/uploads\/2022\/10\/Kinder3-768x576.jpg 768w, https:\/\/feuerwehr-oedheim.de\/wp-content\/uploads\/2022\/10\/Kinder3-600x450.jpg 600w, https:\/\/feuerwehr-oedheim.de\/wp-content\/uploads\/2022\/10\/Kinder3-213x160.jpg 213w, https:\/\/feuerwehr-oedheim.de\/wp-content\/uploads\/2022\/10\/Kinder3.jpg 1024w\" sizes=\"(max-width: 300px) 100vw, 300px\" \/><\/p>\n<p>&nbsp;<\/p>\n<p>Auch lernen unsere Kleinsten spielerisch die verschiedenen und vielf\u00e4ltigen Aufgaben einer freiwilligen Feuerwehr kennen. Grundwerte wie Respekt, Kameradschaft und Toleranz werden zudem in zahlreichen Gruppen- und Vertrauens\u00fcbungen vermittelt.<\/p>\n<p>&nbsp;<\/p>\n<p>Die Kinder lernen so auch den Umgang mit den Gefahren des Feuers und den richtigen Umgang mit L\u00f6schmitteln kennen. Ebenso erlernen sie geeignete Rettungsma\u00dfnahmen bei Unf\u00e4llen und wissen diese richtig einzusetzen. Feuer, Gefahren und Notsituationen sind den Kindern unserer Jugendfeuerwehr nicht mehr v\u00f6llig fremd! Dies z\u00e4hlt nicht nur in der Feuerwehr, sondern\u00a0 ist\u00a0 \u00a0auch\u00a0 f\u00fcr\u00a0 Zuhause sehr\u00a0 wichtig!<\/p>\n<p>&nbsp;<\/p>\n<p>Das spielerisch Erlernte, welches bis zum zehnten Lebensjahr den Kindern vermittelt wird, k\u00f6nnen sie dann schon fundiert im \u00dcbertritt zur Jugendgruppe weiter ausbauen und sich somit auf den aktiven Einsatzdienst ab dem achtzehnten Lebensjahr bestens vorbereitet zeigen.<\/p>\n<p>&nbsp;<\/p>\n<p>Nat\u00fcrlich f\u00fchren wir zusammen mit den Kindern, neben den eigentlichen \u00dcbungsdiensten, welche dienstags im zwei-Wochen-Rhythmus zwischen <strong>17:30 Uhr und 19:00 Uhr<\/strong> stattfinden, auch zahlreiche Wettbewerbe, Ausfl\u00fcge, soziale Projekte und viele weitere spannende Aktionen durch.<\/p>\n<p>&nbsp;<\/p>\n<p>Haben wir das Interesse geweckt? Dann melden Sie sich gerne bei unserer Jugendleitung zu einem unverbindlichen Schnuppertermin in unserem Feuerwehrger\u00e4tehaus an.<\/p>\n<p>Kontakt: <a href=\"mailto:Jugendfeuerwehr@oedheim.de\">Jugendfeuerwehr@oedheim.de<\/a><\/p>\n<p>&nbsp;<\/p>\n<p>Wir freuen uns auf alle Nachwuchsretter!<\/p>\n<p><a href=\"https:\/\/feuerwehr-oedheim.de\/index.php\/das-jugendfeuerwehr-team\/jugendfeuerwehr\/\">Hauptseite der Jugendfeuerwehr Oedheim<\/a><\/p>\n<p>Euer Team der Kindergruppe<\/p>\n<p>&nbsp;<\/p>\n<\/div>\n<\/div><\/div><div id=\"panel-25-0-0-1\" class=\"so-panel widget widget_metaslider_widget panel-last-child\" data-index=\"1\" ><div id=\"metaslider-id-24803\" style=\"max-width: 800px;\" class=\"ml-slider-3-108-0 metaslider metaslider-flex metaslider-24803 ml-slider has-dots-nav ml-slider-lightbox-2-22-0 firelight-lightbox-2-3-19 ms-theme-default\" role=\"region\" aria-label=\"Kindergruppe\" data-height=\"800\" data-width=\"800\">\n    <div id=\"metaslider_container_24803\">\n        <div id=\"metaslider_24803\" class=\"flexslider\">\n            <ul class='slides'>\n                <li style=\"display: block; width: 100%;\" class=\"slide-24806 ms-image \" aria-roledescription=\"slide\" data-date=\"2023-04-02 12:28:40\" data-filename=\"IMG_0672-e1571488445792.jpg\" data-slide-type=\"image\"><a href=\"https:\/\/feuerwehr-oedheim.de\/wp-content\/uploads\/2019\/10\/IMG_0672-e1571488445792.jpg\" data-src=\"https:\/\/feuerwehr-oedheim.de\/wp-content\/uploads\/2019\/10\/IMG_0672-e1571488445792.jpg\" data-thumb=\"https:\/\/feuerwehr-oedheim.de\/wp-content\/uploads\/2019\/10\/IMG_0672-e1571488445792.jpg\" class=\"ml-lightbox-enabled\"><img loading=\"lazy\" decoding=\"async\" width=\"3961\" height=\"2459\" src=\"https:\/\/feuerwehr-oedheim.de\/wp-content\/uploads\/2019\/10\/IMG_0672-e1571488445792.jpg\" class=\"slider-24803 slide-24806 msDefaultImage\" alt=\"\" rel=\"\" title=\"IMG_0672\" srcset=\"https:\/\/feuerwehr-oedheim.de\/wp-content\/uploads\/2019\/10\/IMG_0672-e1571488445792.jpg 3961w, https:\/\/feuerwehr-oedheim.de\/wp-content\/uploads\/2019\/10\/IMG_0672-e1571488445792-300x186.jpg 300w, https:\/\/feuerwehr-oedheim.de\/wp-content\/uploads\/2019\/10\/IMG_0672-e1571488445792-768x477.jpg 768w, https:\/\/feuerwehr-oedheim.de\/wp-content\/uploads\/2019\/10\/IMG_0672-e1571488445792-1024x636.jpg 1024w, https:\/\/feuerwehr-oedheim.de\/wp-content\/uploads\/2019\/10\/IMG_0672-e1571488445792-600x372.jpg 600w, https:\/\/feuerwehr-oedheim.de\/wp-content\/uploads\/2019\/10\/IMG_0672-e1571488445792-258x160.jpg 258w\" sizes=\"(max-width: 3961px) 100vw, 3961px\" \/><\/a><\/li>\n                <li style=\"display: none; width: 100%;\" class=\"slide-24807 ms-image \" aria-roledescription=\"slide\" data-date=\"2023-04-02 12:28:40\" data-filename=\"IMG_0571.jpg\" data-slide-type=\"image\"><a href=\"https:\/\/feuerwehr-oedheim.de\/wp-content\/uploads\/2019\/02\/IMG_0571.jpg\" data-src=\"https:\/\/feuerwehr-oedheim.de\/wp-content\/uploads\/2019\/02\/IMG_0571.jpg\" data-thumb=\"https:\/\/feuerwehr-oedheim.de\/wp-content\/uploads\/2019\/02\/IMG_0571.jpg\" class=\"ml-lightbox-enabled\"><img loading=\"lazy\" decoding=\"async\" width=\"640\" height=\"480\" src=\"https:\/\/feuerwehr-oedheim.de\/wp-content\/uploads\/2019\/02\/IMG_0571.jpg\" class=\"slider-24803 slide-24807 msDefaultImage\" alt=\"\" rel=\"\" title=\"IMG_0571\" srcset=\"https:\/\/feuerwehr-oedheim.de\/wp-content\/uploads\/2019\/02\/IMG_0571.jpg 640w, https:\/\/feuerwehr-oedheim.de\/wp-content\/uploads\/2019\/02\/IMG_0571-300x225.jpg 300w, https:\/\/feuerwehr-oedheim.de\/wp-content\/uploads\/2019\/02\/IMG_0571-600x450.jpg 600w, https:\/\/feuerwehr-oedheim.de\/wp-content\/uploads\/2019\/02\/IMG_0571-213x160.jpg 213w\" sizes=\"(max-width: 640px) 100vw, 640px\" \/><\/a><\/li>\n                <li style=\"display: none; width: 100%;\" class=\"slide-24805 ms-image \" aria-roledescription=\"slide\" data-date=\"2023-04-02 12:28:40\" data-filename=\"IMG_0560.jpg\" data-slide-type=\"image\"><a href=\"https:\/\/feuerwehr-oedheim.de\/wp-content\/uploads\/2019\/10\/IMG_0560.jpg\" data-src=\"https:\/\/feuerwehr-oedheim.de\/wp-content\/uploads\/2019\/10\/IMG_0560.jpg\" data-thumb=\"https:\/\/feuerwehr-oedheim.de\/wp-content\/uploads\/2019\/10\/IMG_0560.jpg\" class=\"ml-lightbox-enabled\"><img loading=\"lazy\" decoding=\"async\" width=\"4032\" height=\"3024\" src=\"https:\/\/feuerwehr-oedheim.de\/wp-content\/uploads\/2019\/10\/IMG_0560.jpg\" class=\"slider-24803 slide-24805 msDefaultImage\" alt=\"\" rel=\"\" title=\"IMG_0560\" srcset=\"https:\/\/feuerwehr-oedheim.de\/wp-content\/uploads\/2019\/10\/IMG_0560.jpg 4032w, https:\/\/feuerwehr-oedheim.de\/wp-content\/uploads\/2019\/10\/IMG_0560-300x225.jpg 300w, https:\/\/feuerwehr-oedheim.de\/wp-content\/uploads\/2019\/10\/IMG_0560-768x576.jpg 768w, https:\/\/feuerwehr-oedheim.de\/wp-content\/uploads\/2019\/10\/IMG_0560-1024x768.jpg 1024w, https:\/\/feuerwehr-oedheim.de\/wp-content\/uploads\/2019\/10\/IMG_0560-600x450.jpg 600w, https:\/\/feuerwehr-oedheim.de\/wp-content\/uploads\/2019\/10\/IMG_0560-213x160.jpg 213w\" sizes=\"(max-width: 4032px) 100vw, 4032px\" \/><\/a><\/li>\n                <li style=\"display: none; width: 100%;\" class=\"slide-24804 ms-image \" aria-roledescription=\"slide\" data-date=\"2023-04-02 12:28:40\" data-filename=\"bikd-rotated.jpg\" data-slide-type=\"image\"><a href=\"https:\/\/feuerwehr-oedheim.de\/wp-content\/uploads\/2023\/04\/bikd-rotated.jpg\" data-src=\"https:\/\/feuerwehr-oedheim.de\/wp-content\/uploads\/2023\/04\/bikd-rotated.jpg\" data-thumb=\"https:\/\/feuerwehr-oedheim.de\/wp-content\/uploads\/2023\/04\/bikd-rotated.jpg\" class=\"ml-lightbox-enabled\"><img loading=\"lazy\" decoding=\"async\" width=\"480\" height=\"640\" src=\"https:\/\/feuerwehr-oedheim.de\/wp-content\/uploads\/2023\/04\/bikd-rotated.jpg\" class=\"slider-24803 slide-24804 msDefaultImage\" alt=\"\" rel=\"\" title=\"bikd\" srcset=\"https:\/\/feuerwehr-oedheim.de\/wp-content\/uploads\/2023\/04\/bikd-rotated.jpg 480w, https:\/\/feuerwehr-oedheim.de\/wp-content\/uploads\/2023\/04\/bikd-225x300.jpg 225w, https:\/\/feuerwehr-oedheim.de\/wp-content\/uploads\/2023\/04\/bikd-450x600.jpg 450w, https:\/\/feuerwehr-oedheim.de\/wp-content\/uploads\/2023\/04\/bikd-120x160.jpg 120w\" sizes=\"(max-width: 480px) 100vw, 480px\" \/><\/a><\/li>\n            <\/ul>\n        <\/div>\n        \n    <\/div>\n<\/div><\/div><\/div><\/div><\/div>","protected":false},"excerpt":{"rendered":"<p>Die im Jahre 2016 neu gegr\u00fcndete Kindergruppe ist einer der wichtigsten Bestandteile der Jugendfeuerwehrarbeit in Oedheim. Denn fr\u00fchzeitig versucht man hier Kinder im Alter ab dem siebten (bzw. sechsten und <a class=\"more-link\" href=\"https:\/\/feuerwehr-oedheim.de\/index.php\/das-jugendfeuerwehr-team\/kindergruppe\/\">weiterlesen \u2192<\/a><\/p>\n","protected":false},"author":1,"featured_media":0,"parent":25208,"menu_order":0,"comment_status":"closed","ping_status":"closed","template":"","meta":{"footnotes":""},"_links":{"self":[{"href":"https:\/\/feuerwehr-oedheim.de\/index.php\/wp-json\/wp\/v2\/pages\/25"}],"collection":[{"href":"https:\/\/feuerwehr-oedheim.de\/index.php\/wp-json\/wp\/v2\/pages"}],"about":[{"href":"https:\/\/feuerwehr-oedheim.de\/index.php\/wp-json\/wp\/v2\/types\/page"}],"author":[{"embeddable":true,"href":"https:\/\/feuerwehr-oedheim.de\/index.php\/wp-json\/wp\/v2\/users\/1"}],"replies":[{"embeddable":true,"href":"https:\/\/feuerwehr-oedheim.de\/index.php\/wp-json\/wp\/v2\/comments?post=25"}],"version-history":[{"count":54,"href":"https:\/\/feuerwehr-oedheim.de\/index.php\/wp-json\/wp\/v2\/pages\/25\/revisions"}],"predecessor-version":[{"id":26770,"href":"https:\/\/feuerwehr-oedheim.de\/index.php\/wp-json\/wp\/v2\/pages\/25\/revisions\/26770"}],"up":[{"embeddable":true,"href":"https:\/\/feuerwehr-oedheim.de\/index.php\/wp-json\/wp\/v2\/pages\/25208"}],"wp:attachment":[{"href":"https:\/\/feuerwehr-oedheim.de\/index.php\/wp-json\/wp\/v2\/media?parent=25"}],"curies":[{"name":"wp","href":"https:\/\/api.w.org\/{rel}","templated":true}]}}