{"id":25886,"date":"2024-11-07T20:26:20","date_gmt":"2024-11-07T18:26:20","guid":{"rendered":"http:\/\/feuerwehr-oedheim.de\/?page_id=25886"},"modified":"2024-11-07T20:26:20","modified_gmt":"2024-11-07T18:26:20","slug":"2024-2","status":"publish","type":"page","link":"https:\/\/feuerwehr-oedheim.de\/index.php\/aktuelles\/2024-2\/","title":{"rendered":"2024"},"content":{"rendered":"<div id=\"pl-25886\"  class=\"panel-layout\" ><div id=\"pg-25886-0\"  class=\"panel-grid panel-no-style\" ><div id=\"pgc-25886-0-0\"  class=\"panel-grid-cell\" ><div id=\"panel-25886-0-0-0\" class=\"so-panel widget widget_rpwe_widget rpwe_widget recent-posts-extended panel-first-child panel-last-child\" data-index=\"0\" ><div  class=\"rpwe-block\"><ul class=\"rpwe-ul\"><li class=\"rpwe-li rpwe-clearfix\"><a class=\"rpwe-img\" href=\"https:\/\/feuerwehr-oedheim.de\/index.php\/2024\/12\/23\/abschlussbericht-jugendfeuerwehr-oedheim-2024\/\" target=\"_self\"><img class=\"rpwe-alignleft rpwe-thumb\" src=\"https:\/\/feuerwehr-oedheim.de\/wp-content\/uploads\/2024\/12\/image3-45x45.jpeg\" alt=\"Jahresabschlussbericht der Jugendfeuerwehr Oedheim 2024\" height=\"45\" width=\"45\" loading=\"lazy\" decoding=\"async\"><\/a><h3 class=\"rpwe-title\"><a href=\"https:\/\/feuerwehr-oedheim.de\/index.php\/2024\/12\/23\/abschlussbericht-jugendfeuerwehr-oedheim-2024\/\" target=\"_self\">Jahresabschlussbericht der Jugendfeuerwehr Oedheim 2024<\/a><\/h3><time class=\"rpwe-time published\" datetime=\"2024-12-23T14:27:02+02:00\">23. Dezember 2024<\/time><\/li><li class=\"rpwe-li rpwe-clearfix\"><a class=\"rpwe-img\" href=\"https:\/\/feuerwehr-oedheim.de\/index.php\/2024\/11\/08\/mit-hohen-auszeichnungen-dankt-die-oedheimer-feuerwehr-fuer-langjaehriges-ehrenamtliches-engagement\/\" target=\"_self\"><img class=\"rpwe-alignleft rpwe-thumb\" src=\"https:\/\/feuerwehr-oedheim.de\/wp-content\/uploads\/2024\/11\/51750_kfv_1200-45x45.jpg\" alt=\"Mit hohen Auszeichnungen dankt die Oedheimer Feuerwehr f\u00fcr langj\u00e4hriges, ehrenamtliches Engagement\" height=\"45\" width=\"45\" loading=\"lazy\" decoding=\"async\"><\/a><h3 class=\"rpwe-title\"><a href=\"https:\/\/feuerwehr-oedheim.de\/index.php\/2024\/11\/08\/mit-hohen-auszeichnungen-dankt-die-oedheimer-feuerwehr-fuer-langjaehriges-ehrenamtliches-engagement\/\" target=\"_self\">Mit hohen Auszeichnungen dankt die Oedheimer Feuerwehr f\u00fcr langj\u00e4hriges, ehrenamtliches Engagement<\/a><\/h3><time class=\"rpwe-time published\" datetime=\"2024-11-08T07:21:50+02:00\">8. November 2024<\/time><\/li><li class=\"rpwe-li rpwe-clearfix\"><a class=\"rpwe-img\" href=\"https:\/\/feuerwehr-oedheim.de\/index.php\/2024\/11\/07\/erfolgreiche-abnahme-der-jugendflamme-stufe-3\/\" target=\"_self\"><img class=\"rpwe-alignleft rpwe-thumb\" src=\"https:\/\/feuerwehr-oedheim.de\/wp-content\/uploads\/2024\/11\/thumbnail_image0-45x45.jpg\" alt=\"Erfolgreiche Abnahme der Jugendflamme Stufe 3\" height=\"45\" width=\"45\" loading=\"lazy\" decoding=\"async\"><\/a><h3 class=\"rpwe-title\"><a href=\"https:\/\/feuerwehr-oedheim.de\/index.php\/2024\/11\/07\/erfolgreiche-abnahme-der-jugendflamme-stufe-3\/\" target=\"_self\">Erfolgreiche Abnahme der Jugendflamme Stufe 3<\/a><\/h3><time class=\"rpwe-time published\" datetime=\"2024-11-07T19:57:32+02:00\">7. November 2024<\/time><\/li><li class=\"rpwe-li rpwe-clearfix\"><a class=\"rpwe-img\" href=\"https:\/\/feuerwehr-oedheim.de\/index.php\/2024\/06\/25\/jugendfoerderung-von-promedent\/\" target=\"_self\"><img class=\"rpwe-alignleft rpwe-thumb\" src=\"https:\/\/feuerwehr-oedheim.de\/wp-content\/uploads\/2024\/06\/image0-5-45x45.jpeg\" alt=\"Jugendf\u00f6rderung von Promedent\u00a0\" height=\"45\" width=\"45\" loading=\"lazy\" decoding=\"async\"><\/a><h3 class=\"rpwe-title\"><a href=\"https:\/\/feuerwehr-oedheim.de\/index.php\/2024\/06\/25\/jugendfoerderung-von-promedent\/\" target=\"_self\">Jugendf\u00f6rderung von Promedent\u00a0<\/a><\/h3><time class=\"rpwe-time published\" datetime=\"2024-06-25T15:59:05+02:00\">25. Juni 2024<\/time><\/li><li class=\"rpwe-li rpwe-clearfix\"><a class=\"rpwe-img\" href=\"https:\/\/feuerwehr-oedheim.de\/index.php\/2024\/06\/25\/erste-hilfe-kurs-bei-der-jugendfeuerwehr\/\" target=\"_self\"><img class=\"rpwe-alignleft rpwe-thumb\" src=\"https:\/\/feuerwehr-oedheim.de\/wp-content\/uploads\/2024\/06\/image0-4-45x45.jpeg\" alt=\"Erste Hilfe Kurs bei der Jugendfeuerwehr\" height=\"45\" width=\"45\" loading=\"lazy\" decoding=\"async\"><\/a><h3 class=\"rpwe-title\"><a href=\"https:\/\/feuerwehr-oedheim.de\/index.php\/2024\/06\/25\/erste-hilfe-kurs-bei-der-jugendfeuerwehr\/\" target=\"_self\">Erste Hilfe Kurs bei der Jugendfeuerwehr<\/a><\/h3><time class=\"rpwe-time published\" datetime=\"2024-06-25T15:57:58+02:00\">25. Juni 2024<\/time><\/li><li class=\"rpwe-li rpwe-clearfix\"><a class=\"rpwe-img\" href=\"https:\/\/feuerwehr-oedheim.de\/index.php\/2024\/06\/25\/11-adventure-tour-in-gemmingen-stebbach\/\" target=\"_self\"><img class=\"rpwe-alignleft rpwe-thumb\" src=\"https:\/\/feuerwehr-oedheim.de\/wp-content\/uploads\/2024\/06\/imagejfadv-1-45x45.jpeg\" alt=\"11. Adventure-Tour in Gemmingen-Stebbach\u00a0\" height=\"45\" width=\"45\" loading=\"lazy\" decoding=\"async\"><\/a><h3 class=\"rpwe-title\"><a href=\"https:\/\/feuerwehr-oedheim.de\/index.php\/2024\/06\/25\/11-adventure-tour-in-gemmingen-stebbach\/\" target=\"_self\">11. Adventure-Tour in Gemmingen-Stebbach\u00a0<\/a><\/h3><time class=\"rpwe-time published\" datetime=\"2024-06-25T15:56:38+02:00\">25. Juni 2024<\/time><\/li><li class=\"rpwe-li rpwe-clearfix\"><a class=\"rpwe-img\" href=\"https:\/\/feuerwehr-oedheim.de\/index.php\/2024\/05\/10\/erfolgreicher-wurstverkauf-bei-edeka-ueltzhoefer\/\" target=\"_self\"><img class=\"rpwe-alignleft rpwe-thumb\" src=\"https:\/\/feuerwehr-oedheim.de\/wp-content\/uploads\/2024\/05\/thumbnail_image1-45x45.jpg\" alt=\"Erfolgreicher Wurstverkauf bei Edeka Ueltzh\u00f6fer\" height=\"45\" width=\"45\" loading=\"lazy\" decoding=\"async\"><\/a><h3 class=\"rpwe-title\"><a href=\"https:\/\/feuerwehr-oedheim.de\/index.php\/2024\/05\/10\/erfolgreicher-wurstverkauf-bei-edeka-ueltzhoefer\/\" target=\"_self\">Erfolgreicher Wurstverkauf bei Edeka Ueltzh\u00f6fer<\/a><\/h3><time class=\"rpwe-time published\" datetime=\"2024-05-10T08:58:46+02:00\">10. Mai 2024<\/time><\/li><li class=\"rpwe-li rpwe-clearfix\"><a class=\"rpwe-img\" href=\"https:\/\/feuerwehr-oedheim.de\/index.php\/2024\/01\/23\/spende-an-die-jugendfeuerwehr-oedheim\/\" target=\"_self\"><img class=\"rpwe-alignleft rpwe-thumb\" src=\"https:\/\/feuerwehr-oedheim.de\/wp-content\/uploads\/2024\/01\/image0-1-45x45.jpeg\" alt=\"Spende an die Jugendfeuerwehr Oedheim\" height=\"45\" width=\"45\" loading=\"lazy\" decoding=\"async\"><\/a><h3 class=\"rpwe-title\"><a href=\"https:\/\/feuerwehr-oedheim.de\/index.php\/2024\/01\/23\/spende-an-die-jugendfeuerwehr-oedheim\/\" target=\"_self\">Spende an die Jugendfeuerwehr Oedheim<\/a><\/h3><time class=\"rpwe-time published\" datetime=\"2024-01-23T18:26:28+02:00\">23. Januar 2024<\/time><\/li><li class=\"rpwe-li rpwe-clearfix\"><a class=\"rpwe-img\" href=\"https:\/\/feuerwehr-oedheim.de\/index.php\/2024\/01\/13\/tannenbaumsammlung-13-01-2024\/\" target=\"_self\"><img class=\"rpwe-alignleft rpwe-thumb\" src=\"https:\/\/feuerwehr-oedheim.de\/wp-content\/uploads\/2023\/12\/Flyer-2024-45x45.png\" alt=\"Tannenbaumsammlung 13.01.2024\" height=\"45\" width=\"45\" loading=\"lazy\" decoding=\"async\"><\/a><h3 class=\"rpwe-title\"><a href=\"https:\/\/feuerwehr-oedheim.de\/index.php\/2024\/01\/13\/tannenbaumsammlung-13-01-2024\/\" target=\"_self\">Tannenbaumsammlung 13.01.2024<\/a><\/h3><time class=\"rpwe-time published\" datetime=\"2024-01-13T10:47:10+02:00\">13. Januar 2024<\/time><\/li><li class=\"rpwe-li rpwe-clearfix\"><a class=\"rpwe-img\" href=\"https:\/\/feuerwehr-oedheim.de\/index.php\/2023\/12\/16\/sootyfriday-tickets-im-online-vvk\/\" target=\"_self\"><img class=\"rpwe-alignleft rpwe-thumb\" src=\"https:\/\/feuerwehr-oedheim.de\/wp-content\/uploads\/2023\/12\/Sooty-45x45.jpg\" alt=\"SootyFriday-Tickets im Online-VVK\" height=\"45\" width=\"45\" loading=\"lazy\" decoding=\"async\"><\/a><h3 class=\"rpwe-title\"><a href=\"https:\/\/feuerwehr-oedheim.de\/index.php\/2023\/12\/16\/sootyfriday-tickets-im-online-vvk\/\" target=\"_self\">SootyFriday-Tickets im Online-VVK<\/a><\/h3><time class=\"rpwe-time published\" datetime=\"2023-12-16T12:02:16+02:00\">16. Dezember 2023<\/time><\/li><li class=\"rpwe-li rpwe-clearfix\"><a class=\"rpwe-img\" href=\"https:\/\/feuerwehr-oedheim.de\/index.php\/2023\/11\/27\/sooty-meets-christmas\/\" target=\"_self\"><img class=\"rpwe-alignleft rpwe-thumb\" src=\"https:\/\/feuerwehr-oedheim.de\/wp-content\/uploads\/2023\/11\/SootyMeetsChristmas-45x45.jpeg\" alt=\"Sooty Meets Christmas\" height=\"45\" width=\"45\" loading=\"lazy\" decoding=\"async\"><\/a><h3 class=\"rpwe-title\"><a href=\"https:\/\/feuerwehr-oedheim.de\/index.php\/2023\/11\/27\/sooty-meets-christmas\/\" target=\"_self\">Sooty Meets Christmas<\/a><\/h3><time class=\"rpwe-time published\" datetime=\"2023-11-27T07:02:35+02:00\">27. November 2023<\/time><\/li><\/ul><\/div><!-- Generated by http:\/\/wordpress.org\/plugins\/recent-posts-widget-extended\/ --><\/div><\/div><\/div><\/div>","protected":false},"excerpt":{"rendered":"<p>Jahresabschlussbericht der Jugendfeuerwehr Oedheim 202423. Dezember 2024Mit hohen Auszeichnungen dankt die Oedheimer Feuerwehr f\u00fcr langj\u00e4hriges, ehrenamtliches Engagement8. November 2024Erfolgreiche Abnahme der Jugendflamme Stufe 37. November 2024Jugendf\u00f6rderung von Promedent\u00a025. Juni 2024Erste <a class=\"more-link\" href=\"https:\/\/feuerwehr-oedheim.de\/index.php\/aktuelles\/2024-2\/\">weiterlesen \u2192<\/a><\/p>\n","protected":false},"author":1,"featured_media":0,"parent":189,"menu_order":0,"comment_status":"closed","ping_status":"closed","template":"","meta":{"footnotes":""},"_links":{"self":[{"href":"https:\/\/feuerwehr-oedheim.de\/index.php\/wp-json\/wp\/v2\/pages\/25886"}],"collection":[{"href":"https:\/\/feuerwehr-oedheim.de\/index.php\/wp-json\/wp\/v2\/pages"}],"about":[{"href":"https:\/\/feuerwehr-oedheim.de\/index.php\/wp-json\/wp\/v2\/types\/page"}],"author":[{"embeddable":true,"href":"https:\/\/feuerwehr-oedheim.de\/index.php\/wp-json\/wp\/v2\/users\/1"}],"replies":[{"embeddable":true,"href":"https:\/\/feuerwehr-oedheim.de\/index.php\/wp-json\/wp\/v2\/comments?post=25886"}],"version-history":[{"count":2,"href":"https:\/\/feuerwehr-oedheim.de\/index.php\/wp-json\/wp\/v2\/pages\/25886\/revisions"}],"predecessor-version":[{"id":25888,"href":"https:\/\/feuerwehr-oedheim.de\/index.php\/wp-json\/wp\/v2\/pages\/25886\/revisions\/25888"}],"up":[{"embeddable":true,"href":"https:\/\/feuerwehr-oedheim.de\/index.php\/wp-json\/wp\/v2\/pages\/189"}],"wp:attachment":[{"href":"https:\/\/feuerwehr-oedheim.de\/index.php\/wp-json\/wp\/v2\/media?parent=25886"}],"curies":[{"name":"wp","href":"https:\/\/api.w.org\/{rel}","templated":true}]}}