{"id":5670,"date":"2021-12-11T13:20:29","date_gmt":"2021-12-11T12:20:29","guid":{"rendered":"http:\/\/feuerwehr-oedheim.de\/?page_id=5670"},"modified":"2025-12-23T09:40:05","modified_gmt":"2025-12-23T07:40:05","slug":"fuehrungsunterstuetzungseinheit","status":"publish","type":"page","link":"https:\/\/feuerwehr-oedheim.de\/index.php\/unsere-experten\/fuehrungsunterstuetzungseinheit\/","title":{"rendered":"F\u00fchrungsunterst\u00fctzungseinheit"},"content":{"rendered":"\n<p>Bei gro\u00dfen Einsatzstellen kommt auf die F\u00fchrungskr\u00e4fte eine Vielzahl von weiteren Aufgaben hinzu. Hierzu muss die Koordination von Einsatzabschnitten, Fahrzeugen und Personal fr\u00fchzeitig ber\u00fccksichtigt werden. Es gilt die F\u00fchrungskr\u00e4fte in gr\u00f6\u00dferen Lagen durch eine fundierte F\u00fchrungsunterst\u00fctzung zu entlasten und parallel die gewonnen Informationen aufzuarbeiten.<\/p>\n\n\n\n<div style=\"height:15px\" aria-hidden=\"true\" class=\"wp-block-spacer\"><\/div>\n\n\n\n<p>Als ersten Baustein, welcher die Grundlage der k\u00fcnftigen F\u00fchrungsarbeit darstellt, erfolgte Mitte Februar 2023 die Auslieferung des neuen Einsatzleitwagens (ELW1) auf VW-Transporterfahrgestell an die Feuerwehr Oedheim. Mit der Ersatzbeschaffung des Fahrzeugs stehen auch neue F\u00fchrungsmittel zur Verf\u00fcgung. Diese sind neben einem EDV-System, dem Digitalfunk und einem Drucker neue Pl\u00e4ne, Nachschlagewerke und Einsatzunterlagen. Zus\u00e4tzlich gibt es weiteres Material zur Lagedarstellung und Einsatzstellenorganisation im Rahmen von Magnettafeln und Whiteboards geben.<\/p>\n\n\n\n<div style=\"height:15px\" aria-hidden=\"true\" class=\"wp-block-spacer\"><\/div>\n\n\n\n<p>Mit der Gr\u00fcndung der F\u00fchrungsunterst\u00fctzungseinheit (F\u00fcUE) im Januar 2022 wurde ein weiterer wichtiger Baustein gelegt. Neben der Leitung dieser Gruppe durch einen Zugf\u00fchrer, werden verschiedene Kameraden*innen als F\u00fchrungshilfspersonal ausgebildet. Au\u00dfer den Grundlagen der F\u00fchrung im Feuerwehreinsatz, welche in der Feuerwehrdienstvorschrift 100 erl\u00e4utert sind, gilt es vertiefte Kenntnisse im Bereich Sprechfunk, Erstellen einer Lagekarte, F\u00fchren eines Einsatztagebuchs und der Anwendung weiterer F\u00fchrungsmittel zur Informationsgewinnung zu vermitteln.<\/p>\n\n\n\n<div style=\"height:15px\" aria-hidden=\"true\" class=\"wp-block-spacer\"><\/div>\n\n\n\n<p>Die Kameraden*innen dieser Fachgruppe durchlaufen hierf\u00fcr eine extra Ausbildung und treffen sich in fortlaufenden \u00dcbungsabenden zur Weiterbildung.<\/p>\n\n\n\n<div style=\"height:32px\" aria-hidden=\"true\" class=\"wp-block-spacer\"><\/div>\n\n\n\n<div class=\"wp-block-media-text alignwide has-media-on-the-right is-stacked-on-mobile\" style=\"grid-template-columns:auto 48%\"><div class=\"wp-block-media-text__content\">\n<p>Das Ziel ist die fr\u00fchzeitige Erstellung eines &#8220;common operational picture&#8221;, dass hei\u00dft die Zusammenfassung der vorgefunden Lage in einem einheitlichen Lagebild, welches durch nachr\u00fcckende Kr\u00e4fte und weitere Hilfsorganisationen genutzt werden kann. Diese vollumf\u00e4ngliche Situationserfassung stellt die Grundlage f\u00fcr die weitere Einsatztaktik und daraus resultierende Einsatzauftr\u00e4ge dar. Die zentrale Zusammenfassung von gewonnenen Informationen und die folgende grafische Darstellung erleichtert F\u00fchrungskr\u00e4ften z.B. in den Lagebesprechungen Inhalte verst\u00e4ndlich darzustellen. <\/p>\n<\/div><figure class=\"wp-block-media-text__media\"><img loading=\"lazy\" decoding=\"async\" width=\"1024\" height=\"838\" src=\"http:\/\/feuerwehr-oedheim.de\/wp-content\/uploads\/2021\/12\/Bildschirmfoto-2021-12-29-um-12.42.16-1024x838.png\" alt=\"\" class=\"wp-image-5753 size-full\" srcset=\"https:\/\/feuerwehr-oedheim.de\/wp-content\/uploads\/2021\/12\/Bildschirmfoto-2021-12-29-um-12.42.16-1024x838.png 1024w, https:\/\/feuerwehr-oedheim.de\/wp-content\/uploads\/2021\/12\/Bildschirmfoto-2021-12-29-um-12.42.16-300x245.png 300w, https:\/\/feuerwehr-oedheim.de\/wp-content\/uploads\/2021\/12\/Bildschirmfoto-2021-12-29-um-12.42.16-768x628.png 768w, https:\/\/feuerwehr-oedheim.de\/wp-content\/uploads\/2021\/12\/Bildschirmfoto-2021-12-29-um-12.42.16-1536x1257.png 1536w, https:\/\/feuerwehr-oedheim.de\/wp-content\/uploads\/2021\/12\/Bildschirmfoto-2021-12-29-um-12.42.16-600x491.png 600w, https:\/\/feuerwehr-oedheim.de\/wp-content\/uploads\/2021\/12\/Bildschirmfoto-2021-12-29-um-12.42.16-196x160.png 196w, https:\/\/feuerwehr-oedheim.de\/wp-content\/uploads\/2021\/12\/Bildschirmfoto-2021-12-29-um-12.42.16.png 1860w\" sizes=\"(max-width: 1024px) 100vw, 1024px\" \/><\/figure><\/div>\n\n\n\n<div style=\"height:25px\" aria-hidden=\"true\" class=\"wp-block-spacer\"><\/div>\n\n\n\n<div style=\"height:15px\" aria-hidden=\"true\" class=\"wp-block-spacer\"><\/div>\n\n\n\n<p>Grunds\u00e4tzlich soll beim Ausr\u00fccken des Einsatzleitwagens k\u00fcnftig immer ein F\u00fchrungsassistent aus der F\u00fcUE zur Fahrzeugbesatzung z\u00e4hlen. Die Aufgaben beschr\u00e4nken sich in diesem Fall auf die Kommunikation mittels Sprechfunk und Telefon sowie die Einsatzdokumentation. Bei einer aufwachsenden Lage, ist weiteres Personal der F\u00fcUE zur Bew\u00e4ltigung des erh\u00f6hten F\u00fchrungs- und Kommunikationsaufwands an der Einsatzstelle erforderlich. <\/p>\n\n\n\n<div style=\"height:15px\" aria-hidden=\"true\" class=\"wp-block-spacer\"><\/div>\n\n\n\n<hr class=\"wp-block-separator has-alpha-channel-opacity\"\/>\n\n\n\n<div class=\"alignnormal\"><div id=\"metaslider-id-24872\" style=\"max-width: 640px;\" class=\"ml-slider-3-108-0 metaslider metaslider-flex metaslider-24872 ml-slider has-dots-nav ml-slider-lightbox-2-22-0 firelight-lightbox-2-3-19 ms-theme-default\" role=\"region\" aria-label=\"F\u00fcUE \u00dcbungen\" data-height=\"600\" data-width=\"640\">\n    <div id=\"metaslider_container_24872\">\n        <div id=\"metaslider_24872\" class=\"flexslider\">\n            <ul class='slides'>\n                <li style=\"display: block; width: 100%;\" class=\"slide-26793 ms-image \" aria-roledescription=\"slide\" data-date=\"2025-12-23 09:37:53\" data-filename=\"image1.jpeg\" data-slide-type=\"image\"><a href=\"https:\/\/feuerwehr-oedheim.de\/wp-content\/uploads\/2025\/12\/image1.jpeg\" data-src=\"https:\/\/feuerwehr-oedheim.de\/wp-content\/uploads\/2025\/12\/image1.jpeg\" data-thumb=\"https:\/\/feuerwehr-oedheim.de\/wp-content\/uploads\/2025\/12\/image1.jpeg\" class=\"ml-lightbox-enabled\"><img loading=\"lazy\" decoding=\"async\" width=\"1600\" height=\"1200\" src=\"https:\/\/feuerwehr-oedheim.de\/wp-content\/uploads\/2025\/12\/image1.jpeg\" class=\"slider-24872 slide-26793 msDefaultImage\" alt=\"\" rel=\"\" title=\"image1\" srcset=\"https:\/\/feuerwehr-oedheim.de\/wp-content\/uploads\/2025\/12\/image1.jpeg 1600w, https:\/\/feuerwehr-oedheim.de\/wp-content\/uploads\/2025\/12\/image1-300x225.jpeg 300w, https:\/\/feuerwehr-oedheim.de\/wp-content\/uploads\/2025\/12\/image1-768x576.jpeg 768w, https:\/\/feuerwehr-oedheim.de\/wp-content\/uploads\/2025\/12\/image1-1536x1152.jpeg 1536w, https:\/\/feuerwehr-oedheim.de\/wp-content\/uploads\/2025\/12\/image1-600x450.jpeg 600w, https:\/\/feuerwehr-oedheim.de\/wp-content\/uploads\/2025\/12\/image1-213x160.jpeg 213w\" sizes=\"(max-width: 1600px) 100vw, 1600px\" \/><\/a><\/li>\n                <li style=\"display: none; width: 100%;\" class=\"slide-24881 ms-image \" aria-roledescription=\"slide\" data-date=\"2023-04-16 15:04:36\" data-filename=\"f8854861-9a9c-4fc3-9e03-0221f2a1ca9b.jpg\" data-slide-type=\"image\"><a href=\"https:\/\/feuerwehr-oedheim.de\/wp-content\/uploads\/2023\/04\/f8854861-9a9c-4fc3-9e03-0221f2a1ca9b.jpg\" data-src=\"https:\/\/feuerwehr-oedheim.de\/wp-content\/uploads\/2023\/04\/f8854861-9a9c-4fc3-9e03-0221f2a1ca9b.jpg\" data-thumb=\"https:\/\/feuerwehr-oedheim.de\/wp-content\/uploads\/2023\/04\/f8854861-9a9c-4fc3-9e03-0221f2a1ca9b.jpg\" class=\"ml-lightbox-enabled\"><img loading=\"lazy\" decoding=\"async\" width=\"1213\" height=\"900\" src=\"https:\/\/feuerwehr-oedheim.de\/wp-content\/uploads\/2023\/04\/f8854861-9a9c-4fc3-9e03-0221f2a1ca9b.jpg\" class=\"slider-24872 slide-24881 msDefaultImage\" alt=\"\" rel=\"\" title=\"f8854861-9a9c-4fc3-9e03-0221f2a1ca9b\" srcset=\"https:\/\/feuerwehr-oedheim.de\/wp-content\/uploads\/2023\/04\/f8854861-9a9c-4fc3-9e03-0221f2a1ca9b.jpg 1213w, https:\/\/feuerwehr-oedheim.de\/wp-content\/uploads\/2023\/04\/f8854861-9a9c-4fc3-9e03-0221f2a1ca9b-300x223.jpg 300w, https:\/\/feuerwehr-oedheim.de\/wp-content\/uploads\/2023\/04\/f8854861-9a9c-4fc3-9e03-0221f2a1ca9b-768x570.jpg 768w, https:\/\/feuerwehr-oedheim.de\/wp-content\/uploads\/2023\/04\/f8854861-9a9c-4fc3-9e03-0221f2a1ca9b-600x445.jpg 600w, https:\/\/feuerwehr-oedheim.de\/wp-content\/uploads\/2023\/04\/f8854861-9a9c-4fc3-9e03-0221f2a1ca9b-216x160.jpg 216w\" sizes=\"(max-width: 1213px) 100vw, 1213px\" \/><\/a><\/li>\n                <li style=\"display: none; width: 100%;\" class=\"slide-24882 ms-image \" aria-roledescription=\"slide\" data-date=\"2023-04-16 15:04:36\" data-filename=\"PHOTO-2023-04-13-20-28-33.jpg\" data-slide-type=\"image\"><a href=\"https:\/\/feuerwehr-oedheim.de\/wp-content\/uploads\/2023\/04\/PHOTO-2023-04-13-20-28-33.jpg\" data-src=\"https:\/\/feuerwehr-oedheim.de\/wp-content\/uploads\/2023\/04\/PHOTO-2023-04-13-20-28-33.jpg\" data-thumb=\"https:\/\/feuerwehr-oedheim.de\/wp-content\/uploads\/2023\/04\/PHOTO-2023-04-13-20-28-33.jpg\" class=\"ml-lightbox-enabled\"><img loading=\"lazy\" decoding=\"async\" width=\"640\" height=\"480\" src=\"https:\/\/feuerwehr-oedheim.de\/wp-content\/uploads\/2023\/04\/PHOTO-2023-04-13-20-28-33.jpg\" class=\"slider-24872 slide-24882 msDefaultImage\" alt=\"\" rel=\"\" title=\"PHOTO-2023-04-13-20-28-33\" srcset=\"https:\/\/feuerwehr-oedheim.de\/wp-content\/uploads\/2023\/04\/PHOTO-2023-04-13-20-28-33.jpg 640w, https:\/\/feuerwehr-oedheim.de\/wp-content\/uploads\/2023\/04\/PHOTO-2023-04-13-20-28-33-300x225.jpg 300w, https:\/\/feuerwehr-oedheim.de\/wp-content\/uploads\/2023\/04\/PHOTO-2023-04-13-20-28-33-600x450.jpg 600w, https:\/\/feuerwehr-oedheim.de\/wp-content\/uploads\/2023\/04\/PHOTO-2023-04-13-20-28-33-213x160.jpg 213w\" sizes=\"(max-width: 640px) 100vw, 640px\" \/><\/a><\/li>\n                <li style=\"display: none; width: 100%;\" class=\"slide-24909 ms-image \" aria-roledescription=\"slide\" data-date=\"2023-04-16 15:47:07\" data-filename=\"6341d54a-683e-41e1-a665-3679c5f0cb97.jpg\" data-slide-type=\"image\"><a href=\"https:\/\/feuerwehr-oedheim.de\/wp-content\/uploads\/2023\/04\/6341d54a-683e-41e1-a665-3679c5f0cb97.jpg\" data-src=\"https:\/\/feuerwehr-oedheim.de\/wp-content\/uploads\/2023\/04\/6341d54a-683e-41e1-a665-3679c5f0cb97.jpg\" data-thumb=\"https:\/\/feuerwehr-oedheim.de\/wp-content\/uploads\/2023\/04\/6341d54a-683e-41e1-a665-3679c5f0cb97.jpg\" class=\"ml-lightbox-enabled\"><img loading=\"lazy\" decoding=\"async\" width=\"1024\" height=\"768\" src=\"https:\/\/feuerwehr-oedheim.de\/wp-content\/uploads\/2023\/04\/6341d54a-683e-41e1-a665-3679c5f0cb97.jpg\" class=\"slider-24872 slide-24909 msDefaultImage\" alt=\"\" rel=\"\" title=\"6341d54a-683e-41e1-a665-3679c5f0cb97\" \/><\/a><\/li>\n                <li style=\"display: none; width: 100%;\" class=\"slide-24884 ms-image \" aria-roledescription=\"slide\" data-date=\"2023-04-16 15:05:21\" data-filename=\"e75e3956-47f8-4432-9546-4b19b7706096-1.jpg\" data-slide-type=\"image\"><a href=\"https:\/\/feuerwehr-oedheim.de\/wp-content\/uploads\/2023\/04\/e75e3956-47f8-4432-9546-4b19b7706096-1.jpg\" data-src=\"https:\/\/feuerwehr-oedheim.de\/wp-content\/uploads\/2023\/04\/e75e3956-47f8-4432-9546-4b19b7706096-1.jpg\" data-thumb=\"https:\/\/feuerwehr-oedheim.de\/wp-content\/uploads\/2023\/04\/e75e3956-47f8-4432-9546-4b19b7706096-1.jpg\" class=\"ml-lightbox-enabled\"><img loading=\"lazy\" decoding=\"async\" width=\"2048\" height=\"1536\" src=\"https:\/\/feuerwehr-oedheim.de\/wp-content\/uploads\/2023\/04\/e75e3956-47f8-4432-9546-4b19b7706096-1.jpg\" class=\"slider-24872 slide-24884 msDefaultImage\" alt=\"\" rel=\"\" title=\"e75e3956-47f8-4432-9546-4b19b7706096\" \/><\/a><\/li>\n                <li style=\"display: none; width: 100%;\" class=\"slide-24883 ms-image \" aria-roledescription=\"slide\" data-date=\"2023-04-16 15:04:36\" data-filename=\"PHOTO-2023-04-13-20-54-00-1.jpg\" data-slide-type=\"image\"><a href=\"https:\/\/feuerwehr-oedheim.de\/wp-content\/uploads\/2023\/04\/PHOTO-2023-04-13-20-54-00-1.jpg\" data-src=\"https:\/\/feuerwehr-oedheim.de\/wp-content\/uploads\/2023\/04\/PHOTO-2023-04-13-20-54-00-1.jpg\" data-thumb=\"https:\/\/feuerwehr-oedheim.de\/wp-content\/uploads\/2023\/04\/PHOTO-2023-04-13-20-54-00-1.jpg\" class=\"ml-lightbox-enabled\"><img loading=\"lazy\" decoding=\"async\" width=\"640\" height=\"480\" src=\"https:\/\/feuerwehr-oedheim.de\/wp-content\/uploads\/2023\/04\/PHOTO-2023-04-13-20-54-00-1.jpg\" class=\"slider-24872 slide-24883 msDefaultImage\" alt=\"\" rel=\"\" title=\"PHOTO-2023-04-13-20-54-00-1\" srcset=\"https:\/\/feuerwehr-oedheim.de\/wp-content\/uploads\/2023\/04\/PHOTO-2023-04-13-20-54-00-1.jpg 640w, https:\/\/feuerwehr-oedheim.de\/wp-content\/uploads\/2023\/04\/PHOTO-2023-04-13-20-54-00-1-300x225.jpg 300w, https:\/\/feuerwehr-oedheim.de\/wp-content\/uploads\/2023\/04\/PHOTO-2023-04-13-20-54-00-1-600x450.jpg 600w, https:\/\/feuerwehr-oedheim.de\/wp-content\/uploads\/2023\/04\/PHOTO-2023-04-13-20-54-00-1-213x160.jpg 213w\" sizes=\"(max-width: 640px) 100vw, 640px\" \/><\/a><\/li>\n            <\/ul>\n        <\/div>\n        \n    <\/div>\n<\/div><\/div>\n\n\n\n<hr class=\"wp-block-separator has-alpha-channel-opacity\"\/>\n\n\n\n<p><\/p>\n\n\n\n<div class=\"wp-block-columns is-layout-flex wp-container-core-columns-is-layout-1 wp-block-columns-is-layout-flex\">\n<div class=\"wp-block-column is-layout-flow wp-block-column-is-layout-flow\">\n<p><\/p>\n\n\n\n<p class=\"has-text-align-center has-large-font-size\"><strong>Ansprechpartner <\/strong><\/p>\n\n\n\n<p><\/p>\n\n\n\n<p class=\"has-text-align-center has-large-font-size\">Yannick Pilz<\/p>\n\n\n\n<div class=\"wp-block-cover\"><span aria-hidden=\"true\" class=\"wp-block-cover__background has-background-dim-30 has-background-dim\" style=\"background-color:#7d3a39\"><\/span><img loading=\"lazy\" decoding=\"async\" width=\"481\" height=\"640\" class=\"wp-block-cover__image-background wp-image-26720\" alt=\"\" src=\"https:\/\/feuerwehr-oedheim.de\/wp-content\/uploads\/2025\/12\/thumbnail_IMG_1399.jpg\" data-object-fit=\"cover\" srcset=\"https:\/\/feuerwehr-oedheim.de\/wp-content\/uploads\/2025\/12\/thumbnail_IMG_1399.jpg 481w, https:\/\/feuerwehr-oedheim.de\/wp-content\/uploads\/2025\/12\/thumbnail_IMG_1399-225x300.jpg 225w, https:\/\/feuerwehr-oedheim.de\/wp-content\/uploads\/2025\/12\/thumbnail_IMG_1399-451x600.jpg 451w, https:\/\/feuerwehr-oedheim.de\/wp-content\/uploads\/2025\/12\/thumbnail_IMG_1399-120x160.jpg 120w\" sizes=\"(max-width: 481px) 100vw, 481px\" \/><div class=\"wp-block-cover__inner-container is-layout-flow wp-block-cover-is-layout-flow\">\n<p class=\"has-text-align-center has-large-font-size\"><\/p>\n<\/div><\/div>\n\n\n\n<p><\/p>\n\n\n\n<hr class=\"wp-block-separator has-alpha-channel-opacity\"\/>\n\n\n\n<p><\/p>\n\n\n\n<p class=\"has-text-align-center has-large-font-size\">Patrick Fiedler<\/p>\n\n\n\n<div class=\"wp-block-cover has-normal-font-size wp-duotone-unset-1\"><span aria-hidden=\"true\" class=\"wp-block-cover__background has-background-dim-30 has-background-dim\" style=\"background-color:#824d4a\"><\/span><img loading=\"lazy\" decoding=\"async\" width=\"481\" height=\"640\" class=\"wp-block-cover__image-background wp-image-26721\" alt=\"\" src=\"https:\/\/feuerwehr-oedheim.de\/wp-content\/uploads\/2025\/12\/thumbnail_IMG_1249-1.jpg\" data-object-fit=\"cover\" srcset=\"https:\/\/feuerwehr-oedheim.de\/wp-content\/uploads\/2025\/12\/thumbnail_IMG_1249-1.jpg 481w, https:\/\/feuerwehr-oedheim.de\/wp-content\/uploads\/2025\/12\/thumbnail_IMG_1249-1-225x300.jpg 225w, https:\/\/feuerwehr-oedheim.de\/wp-content\/uploads\/2025\/12\/thumbnail_IMG_1249-1-451x600.jpg 451w, https:\/\/feuerwehr-oedheim.de\/wp-content\/uploads\/2025\/12\/thumbnail_IMG_1249-1-120x160.jpg 120w\" sizes=\"(max-width: 481px) 100vw, 481px\" \/><div class=\"wp-block-cover__inner-container is-layout-flow wp-block-cover-is-layout-flow\">\n<p class=\"has-text-align-center has-large-font-size\"><\/p>\n<\/div><\/div>\n<\/div>\n<\/div>\n","protected":false},"excerpt":{"rendered":"<p>Bei gro\u00dfen Einsatzstellen kommt auf die F\u00fchrungskr\u00e4fte eine Vielzahl von weiteren Aufgaben hinzu. Hierzu muss die Koordination von Einsatzabschnitten, Fahrzeugen und Personal fr\u00fchzeitig ber\u00fccksichtigt werden. Es gilt die F\u00fchrungskr\u00e4fte in <a class=\"more-link\" href=\"https:\/\/feuerwehr-oedheim.de\/index.php\/unsere-experten\/fuehrungsunterstuetzungseinheit\/\">weiterlesen \u2192<\/a><\/p>\n","protected":false},"author":3,"featured_media":0,"parent":5665,"menu_order":2,"comment_status":"closed","ping_status":"closed","template":"","meta":{"footnotes":""},"_links":{"self":[{"href":"https:\/\/feuerwehr-oedheim.de\/index.php\/wp-json\/wp\/v2\/pages\/5670"}],"collection":[{"href":"https:\/\/feuerwehr-oedheim.de\/index.php\/wp-json\/wp\/v2\/pages"}],"about":[{"href":"https:\/\/feuerwehr-oedheim.de\/index.php\/wp-json\/wp\/v2\/types\/page"}],"author":[{"embeddable":true,"href":"https:\/\/feuerwehr-oedheim.de\/index.php\/wp-json\/wp\/v2\/users\/3"}],"replies":[{"embeddable":true,"href":"https:\/\/feuerwehr-oedheim.de\/index.php\/wp-json\/wp\/v2\/comments?post=5670"}],"version-history":[{"count":37,"href":"https:\/\/feuerwehr-oedheim.de\/index.php\/wp-json\/wp\/v2\/pages\/5670\/revisions"}],"predecessor-version":[{"id":26795,"href":"https:\/\/feuerwehr-oedheim.de\/index.php\/wp-json\/wp\/v2\/pages\/5670\/revisions\/26795"}],"up":[{"embeddable":true,"href":"https:\/\/feuerwehr-oedheim.de\/index.php\/wp-json\/wp\/v2\/pages\/5665"}],"wp:attachment":[{"href":"https:\/\/feuerwehr-oedheim.de\/index.php\/wp-json\/wp\/v2\/media?parent=5670"}],"curies":[{"name":"wp","href":"https:\/\/api.w.org\/{rel}","templated":true}]}}