{"id":5672,"date":"2021-12-11T13:21:35","date_gmt":"2021-12-11T12:21:35","guid":{"rendered":"http:\/\/feuerwehr-oedheim.de\/?page_id=5672"},"modified":"2025-12-23T09:30:45","modified_gmt":"2025-12-23T07:30:45","slug":"feuerwehrnotzarzt","status":"publish","type":"page","link":"https:\/\/feuerwehr-oedheim.de\/index.php\/unsere-experten\/feuerwehrnotzarzt\/","title":{"rendered":"Helfer vor Ort"},"content":{"rendered":"\n<p id=\"paragraph\"><strong>Es kann jeden von uns treffen! Ein Familien- oder Vereinsmitglied, eine nahestehende Person oder jemand aus dem Bekanntenkreis erleidet einen lebensgef\u00e4hrlichen Notfall und ben\u00f6tigt schnelle Hilfe. Es z\u00e4hlt jede Minute\u2026<\/strong><\/p>\n\n\n<div class=\"wp-block-image\">\n<figure class=\"alignright size-full is-resized\"><img loading=\"lazy\" decoding=\"async\" width=\"485\" height=\"327\" src=\"https:\/\/feuerwehr-oedheim.de\/wp-content\/uploads\/2025\/10\/Bildschirmfoto_5-10-2025_18938_hvo-oedheim.de_.jpeg\" alt=\"\" class=\"wp-image-26369\" style=\"width:300px\" srcset=\"https:\/\/feuerwehr-oedheim.de\/wp-content\/uploads\/2025\/10\/Bildschirmfoto_5-10-2025_18938_hvo-oedheim.de_.jpeg 485w, https:\/\/feuerwehr-oedheim.de\/wp-content\/uploads\/2025\/10\/Bildschirmfoto_5-10-2025_18938_hvo-oedheim.de_-300x202.jpeg 300w, https:\/\/feuerwehr-oedheim.de\/wp-content\/uploads\/2025\/10\/Bildschirmfoto_5-10-2025_18938_hvo-oedheim.de_-237x160.jpeg 237w, https:\/\/feuerwehr-oedheim.de\/wp-content\/uploads\/2025\/10\/Bildschirmfoto_5-10-2025_18938_hvo-oedheim.de_-272x182.jpeg 272w\" sizes=\"(max-width: 485px) 100vw, 485px\" \/><\/figure><\/div>\n\n\n<p id=\"paragraph\">Die HvO-Einheit wird von erfahrenen Ehrenamtlichen getragen. Einige darunter sind Not\u00e4rzte, Notfallsanit\u00e4ter und Rettungssanit\u00e4ter, die bereits hauptamtlich im Rettungsdienst t\u00e4tig sind.<br><br>Die Leitung hat Markus Geuting, Facharzt f\u00fcr An\u00e4sthesie und Intensivmedizin sowie langj\u00e4hriger aktiver Notarzt.<\/p>\n\n\n\n<p id=\"paragraph\"><br><br>Sie sind direkt vor Ort und k\u00f6nnen in Oedheim\/Degmarn sehr schnell Erste Hilfe leisten.<\/p>\n\n\n\n<p>Informieren Sie sich jetzt \u00fcber die Helfer vor Ort in Oedheim: <\/p>\n\n\n\n<p><a href=\"https:\/\/hvo-oedheim.de\/\" target=\"_blank\" rel=\"noreferrer noopener\">Startseite &#8211; Helfer vor Ort (HvO Oedheim)<\/a><\/p>\n\n\n\n<hr class=\"wp-block-separator has-alpha-channel-opacity\"\/>\n\n\n\n<h2 class=\"wp-block-heading has-text-align-center\">Ansprechpartner<\/h2>\n\n\n\n<h5 class=\"wp-block-heading has-text-align-center\">Markus Geuting<\/h5>\n\n\n\n<p><\/p>\n\n\n\n<div class=\"wp-block-cover aligncenter\"><span aria-hidden=\"true\" class=\"wp-block-cover__background has-background-dim-10 has-background-dim\"><\/span><img loading=\"lazy\" decoding=\"async\" width=\"481\" height=\"640\" class=\"wp-block-cover__image-background wp-image-26723\" alt=\"\" src=\"https:\/\/feuerwehr-oedheim.de\/wp-content\/uploads\/2025\/12\/thumbnail_IMG_1323.jpg\" style=\"object-position:66% 47%\" data-object-fit=\"cover\" data-object-position=\"66% 47%\" srcset=\"https:\/\/feuerwehr-oedheim.de\/wp-content\/uploads\/2025\/12\/thumbnail_IMG_1323.jpg 481w, https:\/\/feuerwehr-oedheim.de\/wp-content\/uploads\/2025\/12\/thumbnail_IMG_1323-225x300.jpg 225w, https:\/\/feuerwehr-oedheim.de\/wp-content\/uploads\/2025\/12\/thumbnail_IMG_1323-451x600.jpg 451w, https:\/\/feuerwehr-oedheim.de\/wp-content\/uploads\/2025\/12\/thumbnail_IMG_1323-120x160.jpg 120w\" sizes=\"(max-width: 481px) 100vw, 481px\" \/><div class=\"wp-block-cover__inner-container is-layout-flow wp-block-cover-is-layout-flow\">\n<p><\/p>\n\n\n\n<p><\/p>\n\n\n\n<p><\/p>\n\n\n\n<p><\/p>\n\n\n\n<p><\/p>\n\n\n\n<p><\/p>\n\n\n\n<p class=\"has-text-align-center has-large-font-size\"><\/p>\n<\/div><\/div>\n\n\n\n<p><\/p>\n\n\n\n<hr class=\"wp-block-separator has-alpha-channel-opacity\"\/>\n\n\n\n<h5 class=\"wp-block-heading has-text-align-center\">Ole Behrens<\/h5>\n\n\n\n<p><\/p>\n\n\n\n<div class=\"wp-block-cover\"><span aria-hidden=\"true\" class=\"wp-block-cover__background has-background-dim-10 has-background-dim\"><\/span><img loading=\"lazy\" decoding=\"async\" width=\"481\" height=\"640\" class=\"wp-block-cover__image-background wp-image-26725\" alt=\"\" src=\"https:\/\/feuerwehr-oedheim.de\/wp-content\/uploads\/2025\/12\/thumbnail_IMG_1402.jpg\" data-object-fit=\"cover\" srcset=\"https:\/\/feuerwehr-oedheim.de\/wp-content\/uploads\/2025\/12\/thumbnail_IMG_1402.jpg 481w, https:\/\/feuerwehr-oedheim.de\/wp-content\/uploads\/2025\/12\/thumbnail_IMG_1402-225x300.jpg 225w, https:\/\/feuerwehr-oedheim.de\/wp-content\/uploads\/2025\/12\/thumbnail_IMG_1402-451x600.jpg 451w, https:\/\/feuerwehr-oedheim.de\/wp-content\/uploads\/2025\/12\/thumbnail_IMG_1402-120x160.jpg 120w\" sizes=\"(max-width: 481px) 100vw, 481px\" \/><div class=\"wp-block-cover__inner-container is-layout-flow wp-block-cover-is-layout-flow\">\n<p><\/p>\n\n\n\n<p><\/p>\n\n\n\n<p><\/p>\n\n\n\n<p><\/p>\n\n\n\n<p><\/p>\n\n\n\n<p><\/p>\n\n\n\n<p class=\"has-text-align-center has-large-font-size\"><\/p>\n<\/div><\/div>\n\n\n\n<p><\/p>\n","protected":false},"excerpt":{"rendered":"<p>Es kann jeden von uns treffen! Ein Familien- oder Vereinsmitglied, eine nahestehende Person oder jemand aus dem Bekanntenkreis erleidet einen lebensgef\u00e4hrlichen Notfall und ben\u00f6tigt schnelle Hilfe. Es z\u00e4hlt jede Minute\u2026 <a class=\"more-link\" href=\"https:\/\/feuerwehr-oedheim.de\/index.php\/unsere-experten\/feuerwehrnotzarzt\/\">weiterlesen \u2192<\/a><\/p>\n","protected":false},"author":3,"featured_media":0,"parent":5665,"menu_order":3,"comment_status":"closed","ping_status":"closed","template":"","meta":{"footnotes":""},"_links":{"self":[{"href":"https:\/\/feuerwehr-oedheim.de\/index.php\/wp-json\/wp\/v2\/pages\/5672"}],"collection":[{"href":"https:\/\/feuerwehr-oedheim.de\/index.php\/wp-json\/wp\/v2\/pages"}],"about":[{"href":"https:\/\/feuerwehr-oedheim.de\/index.php\/wp-json\/wp\/v2\/types\/page"}],"author":[{"embeddable":true,"href":"https:\/\/feuerwehr-oedheim.de\/index.php\/wp-json\/wp\/v2\/users\/3"}],"replies":[{"embeddable":true,"href":"https:\/\/feuerwehr-oedheim.de\/index.php\/wp-json\/wp\/v2\/comments?post=5672"}],"version-history":[{"count":39,"href":"https:\/\/feuerwehr-oedheim.de\/index.php\/wp-json\/wp\/v2\/pages\/5672\/revisions"}],"predecessor-version":[{"id":26790,"href":"https:\/\/feuerwehr-oedheim.de\/index.php\/wp-json\/wp\/v2\/pages\/5672\/revisions\/26790"}],"up":[{"embeddable":true,"href":"https:\/\/feuerwehr-oedheim.de\/index.php\/wp-json\/wp\/v2\/pages\/5665"}],"wp:attachment":[{"href":"https:\/\/feuerwehr-oedheim.de\/index.php\/wp-json\/wp\/v2\/media?parent=5672"}],"curies":[{"name":"wp","href":"https:\/\/api.w.org\/{rel}","templated":true}]}}