{"id":5902,"date":"2021-12-30T12:43:06","date_gmt":"2021-12-30T11:43:06","guid":{"rendered":"http:\/\/feuerwehr-oedheim.de\/?page_id=5902"},"modified":"2025-12-22T18:50:26","modified_gmt":"2025-12-22T16:50:26","slug":"unsere-geraetewarte","status":"publish","type":"page","link":"https:\/\/feuerwehr-oedheim.de\/index.php\/unsere-geraetewarte\/","title":{"rendered":"Unser technisches Team der Feuerwehr"},"content":{"rendered":"<div id=\"pl-gb5902-69f550f268e47\"  class=\"panel-layout wp-block-siteorigin-panels-layout-block\" ><div id=\"pg-gb5902-69f550f268e47-0\"  class=\"panel-grid panel-no-style\" ><div id=\"pgc-gb5902-69f550f268e47-0-0\"  class=\"panel-grid-cell\" ><div id=\"panel-gb5902-69f550f268e47-0-0-0\" class=\"so-panel widget widget_sow-editor panel-first-child panel-last-child\" data-index=\"0\" ><div class=\"panel-widget-style panel-widget-style-for-gb5902-69f550f268e47-0-0-0\" ><div\n\t\t\t\n\t\t\tclass=\"so-widget-sow-editor so-widget-sow-editor-base\"\n\t\t\t\n\t\t>\n<div class=\"siteorigin-widget-tinymce textwidget\">\n\t<p style=\"text-align: center;\"><span style=\"color: #ff0000;\"><em><strong>Sven Rathsam<\/strong><\/em><\/span><\/p>\n<p style=\"text-align: center;\">Gesamtger\u00e4tewart<br \/>\n<a href=\"https:\/\/feuerwehr-oedheim.de\/wp-content\/uploads\/2025\/12\/thumbnail_IMG_1308.jpg\" data-src=\"https:\/\/feuerwehr-oedheim.de\/wp-content\/uploads\/2025\/12\/thumbnail_IMG_1308.jpg\" data-thumb=\"https:\/\/feuerwehr-oedheim.de\/wp-content\/uploads\/2025\/12\/thumbnail_IMG_1308-225x300.jpg\" class=\"ml-lightbox-enabled\"><img loading=\"lazy\" decoding=\"async\" class=\"wp-image-26732 size-medium aligncenter\" src=\"https:\/\/feuerwehr-oedheim.de\/wp-content\/uploads\/2025\/12\/thumbnail_IMG_1308-225x300.jpg\" alt=\"\" width=\"225\" height=\"300\" srcset=\"https:\/\/feuerwehr-oedheim.de\/wp-content\/uploads\/2025\/12\/thumbnail_IMG_1308-225x300.jpg 225w, https:\/\/feuerwehr-oedheim.de\/wp-content\/uploads\/2025\/12\/thumbnail_IMG_1308-451x600.jpg 451w, https:\/\/feuerwehr-oedheim.de\/wp-content\/uploads\/2025\/12\/thumbnail_IMG_1308-120x160.jpg 120w, https:\/\/feuerwehr-oedheim.de\/wp-content\/uploads\/2025\/12\/thumbnail_IMG_1308.jpg 481w\" sizes=\"(max-width: 225px) 100vw, 225px\" \/><\/a><\/p>\n<\/div>\n<\/div><\/div><\/div><\/div><\/div><div id=\"pg-gb5902-69f550f268e47-1\"  class=\"panel-grid panel-no-style\" ><div id=\"pgc-gb5902-69f550f268e47-1-0\"  class=\"panel-grid-cell\" ><div id=\"panel-gb5902-69f550f268e47-1-0-0\" class=\"so-panel widget widget_sow-editor panel-first-child\" data-index=\"1\" ><div class=\"panel-widget-style panel-widget-style-for-gb5902-69f550f268e47-1-0-0\" ><div\n\t\t\t\n\t\t\tclass=\"so-widget-sow-editor so-widget-sow-editor-base\"\n\t\t\t\n\t\t>\n<div class=\"siteorigin-widget-tinymce textwidget\">\n\t<p style=\"text-align: center;\"><span style=\"color: #ff0000;\"><em><strong>Thomas Feeser<\/strong><\/em><\/span><\/p>\n<p style=\"text-align: center;\">Feuerwehrhaus<br \/>\n<a href=\"https:\/\/feuerwehr-oedheim.de\/wp-content\/uploads\/2025\/12\/thumbnail_IMG_1314.jpg\" data-src=\"https:\/\/feuerwehr-oedheim.de\/wp-content\/uploads\/2025\/12\/thumbnail_IMG_1314.jpg\" data-thumb=\"https:\/\/feuerwehr-oedheim.de\/wp-content\/uploads\/2025\/12\/thumbnail_IMG_1314-225x300.jpg\" class=\"ml-lightbox-enabled\"><img loading=\"lazy\" decoding=\"async\" class=\"wp-image-26694 size-medium aligncenter\" src=\"https:\/\/feuerwehr-oedheim.de\/wp-content\/uploads\/2025\/12\/thumbnail_IMG_1314-225x300.jpg\" alt=\"\" width=\"225\" height=\"300\" srcset=\"https:\/\/feuerwehr-oedheim.de\/wp-content\/uploads\/2025\/12\/thumbnail_IMG_1314-225x300.jpg 225w, https:\/\/feuerwehr-oedheim.de\/wp-content\/uploads\/2025\/12\/thumbnail_IMG_1314-451x600.jpg 451w, https:\/\/feuerwehr-oedheim.de\/wp-content\/uploads\/2025\/12\/thumbnail_IMG_1314-120x160.jpg 120w, https:\/\/feuerwehr-oedheim.de\/wp-content\/uploads\/2025\/12\/thumbnail_IMG_1314.jpg 481w\" sizes=\"(max-width: 225px) 100vw, 225px\" \/><\/a><\/p>\n<\/div>\n<\/div><\/div><\/div><div id=\"panel-gb5902-69f550f268e47-1-0-1\" class=\"so-panel widget widget_sow-editor panel-last-child\" data-index=\"2\" ><div class=\"panel-widget-style panel-widget-style-for-gb5902-69f550f268e47-1-0-1\" ><div\n\t\t\t\n\t\t\tclass=\"so-widget-sow-editor so-widget-sow-editor-base\"\n\t\t\t\n\t\t>\n<div class=\"siteorigin-widget-tinymce textwidget\">\n\t<p style=\"text-align: center;\"><span style=\"color: #ff0000;\"><em><strong>Nicole Rathsam<\/strong><\/em><\/span><\/p>\n<p style=\"text-align: center;\">Kleiderkammer<br \/>\n<a href=\"https:\/\/feuerwehr-oedheim.de\/wp-content\/uploads\/2025\/12\/thumbnail_IMG_1304.jpg\" data-src=\"https:\/\/feuerwehr-oedheim.de\/wp-content\/uploads\/2025\/12\/thumbnail_IMG_1304.jpg\" data-thumb=\"https:\/\/feuerwehr-oedheim.de\/wp-content\/uploads\/2025\/12\/thumbnail_IMG_1304-225x300.jpg\" class=\"ml-lightbox-enabled\"><img loading=\"lazy\" decoding=\"async\" class=\"wp-image-26734 size-medium aligncenter\" src=\"https:\/\/feuerwehr-oedheim.de\/wp-content\/uploads\/2025\/12\/thumbnail_IMG_1304-225x300.jpg\" alt=\"\" width=\"225\" height=\"300\" srcset=\"https:\/\/feuerwehr-oedheim.de\/wp-content\/uploads\/2025\/12\/thumbnail_IMG_1304-225x300.jpg 225w, https:\/\/feuerwehr-oedheim.de\/wp-content\/uploads\/2025\/12\/thumbnail_IMG_1304-451x600.jpg 451w, https:\/\/feuerwehr-oedheim.de\/wp-content\/uploads\/2025\/12\/thumbnail_IMG_1304-120x160.jpg 120w, https:\/\/feuerwehr-oedheim.de\/wp-content\/uploads\/2025\/12\/thumbnail_IMG_1304.jpg 481w\" sizes=\"(max-width: 225px) 100vw, 225px\" \/><\/a><\/p>\n<\/div>\n<\/div><\/div><\/div><\/div><div id=\"pgc-gb5902-69f550f268e47-1-1\"  class=\"panel-grid-cell\" ><div id=\"panel-gb5902-69f550f268e47-1-1-0\" class=\"so-panel widget widget_sow-editor panel-first-child\" data-index=\"3\" ><div class=\"panel-widget-style panel-widget-style-for-gb5902-69f550f268e47-1-1-0\" ><div\n\t\t\t\n\t\t\tclass=\"so-widget-sow-editor so-widget-sow-editor-base\"\n\t\t\t\n\t\t>\n<div class=\"siteorigin-widget-tinymce textwidget\">\n\t<p style=\"text-align: center;\"><span style=\"color: #ff0000;\"><em><strong>Mirko Janz<\/strong><\/em><\/span><\/p>\n<p style=\"text-align: center;\">Funk- und Kommunikationstechnik<br \/>\n<a href=\"https:\/\/feuerwehr-oedheim.de\/wp-content\/uploads\/2025\/12\/thumbnail_IMG_1391.jpg\" data-src=\"https:\/\/feuerwehr-oedheim.de\/wp-content\/uploads\/2025\/12\/thumbnail_IMG_1391.jpg\" data-thumb=\"https:\/\/feuerwehr-oedheim.de\/wp-content\/uploads\/2025\/12\/thumbnail_IMG_1391-225x300.jpg\" class=\"ml-lightbox-enabled\"><img loading=\"lazy\" decoding=\"async\" class=\"wp-image-26735 size-medium aligncenter\" src=\"https:\/\/feuerwehr-oedheim.de\/wp-content\/uploads\/2025\/12\/thumbnail_IMG_1391-225x300.jpg\" alt=\"\" width=\"225\" height=\"300\" srcset=\"https:\/\/feuerwehr-oedheim.de\/wp-content\/uploads\/2025\/12\/thumbnail_IMG_1391-225x300.jpg 225w, https:\/\/feuerwehr-oedheim.de\/wp-content\/uploads\/2025\/12\/thumbnail_IMG_1391-451x600.jpg 451w, https:\/\/feuerwehr-oedheim.de\/wp-content\/uploads\/2025\/12\/thumbnail_IMG_1391-120x160.jpg 120w, https:\/\/feuerwehr-oedheim.de\/wp-content\/uploads\/2025\/12\/thumbnail_IMG_1391.jpg 481w\" sizes=\"(max-width: 225px) 100vw, 225px\" \/><\/a><\/p>\n<\/div>\n<\/div><\/div><\/div><div id=\"panel-gb5902-69f550f268e47-1-1-1\" class=\"so-panel widget widget_sow-editor panel-last-child\" data-index=\"4\" ><div class=\"panel-widget-style panel-widget-style-for-gb5902-69f550f268e47-1-1-1\" ><div\n\t\t\t\n\t\t\tclass=\"so-widget-sow-editor so-widget-sow-editor-base\"\n\t\t\t\n\t\t>\n<div class=\"siteorigin-widget-tinymce textwidget\">\n\t<p style=\"text-align: center;\"><span style=\"color: #ff0000;\"><em><strong>Achim Krenz<\/strong><\/em><\/span><\/p>\n<p style=\"text-align: center;\">IT<br \/>\n<a href=\"https:\/\/feuerwehr-oedheim.de\/wp-content\/uploads\/2025\/12\/thumbnail_IMG_1258.jpg\" data-src=\"https:\/\/feuerwehr-oedheim.de\/wp-content\/uploads\/2025\/12\/thumbnail_IMG_1258.jpg\" data-thumb=\"https:\/\/feuerwehr-oedheim.de\/wp-content\/uploads\/2025\/12\/thumbnail_IMG_1258-225x300.jpg\" class=\"ml-lightbox-enabled\"><img loading=\"lazy\" decoding=\"async\" class=\"wp-image-26736 size-medium aligncenter\" src=\"https:\/\/feuerwehr-oedheim.de\/wp-content\/uploads\/2025\/12\/thumbnail_IMG_1258-225x300.jpg\" alt=\"\" width=\"225\" height=\"300\" srcset=\"https:\/\/feuerwehr-oedheim.de\/wp-content\/uploads\/2025\/12\/thumbnail_IMG_1258-225x300.jpg 225w, https:\/\/feuerwehr-oedheim.de\/wp-content\/uploads\/2025\/12\/thumbnail_IMG_1258-451x600.jpg 451w, https:\/\/feuerwehr-oedheim.de\/wp-content\/uploads\/2025\/12\/thumbnail_IMG_1258-120x160.jpg 120w, https:\/\/feuerwehr-oedheim.de\/wp-content\/uploads\/2025\/12\/thumbnail_IMG_1258.jpg 481w\" sizes=\"(max-width: 225px) 100vw, 225px\" \/><\/a><\/p>\n<\/div>\n<\/div><\/div><\/div><\/div><\/div><\/div>\n\n\n<h5 class=\"wp-block-heading\"><\/h5>\n\n\n\n<p><br>Unser Team k\u00fcmmert sich um die gesamte technische Ausstattung, das Feuerwehrhaus, die Bekleidung, das Infrastrukturelle und die Fahrzeuge der Feuerwehr Oedheim. Hierzu z\u00e4hlt insbesondere die j\u00e4hrlich vorgeschriebene Funktionspr\u00fcfung der Ausr\u00fcstung, wobei eine Vielzahl von Vorgaben und Vorschriften einzuhalten sind. Au\u00dferdem erstreckt sich das Aufgabenfeld \u00fcber die Wartung und Reparatur von Einsatzmitteln bis hin zur Beratung und Unterst\u00fctzung des Kommandanten bei Neuanschaffungen von Fahrzeugen und Ger\u00e4ten.<\/p>\n","protected":false},"excerpt":{"rendered":"<p>Sven Rathsam Gesamtger\u00e4tewart Thomas Feeser Feuerwehrhaus Nicole Rathsam Kleiderkammer Mirko Janz Funk- und Kommunikationstechnik Achim Krenz IT<\/p>\n","protected":false},"author":3,"featured_media":0,"parent":0,"menu_order":0,"comment_status":"closed","ping_status":"closed","template":"","meta":{"footnotes":""},"_links":{"self":[{"href":"https:\/\/feuerwehr-oedheim.de\/index.php\/wp-json\/wp\/v2\/pages\/5902"}],"collection":[{"href":"https:\/\/feuerwehr-oedheim.de\/index.php\/wp-json\/wp\/v2\/pages"}],"about":[{"href":"https:\/\/feuerwehr-oedheim.de\/index.php\/wp-json\/wp\/v2\/types\/page"}],"author":[{"embeddable":true,"href":"https:\/\/feuerwehr-oedheim.de\/index.php\/wp-json\/wp\/v2\/users\/3"}],"replies":[{"embeddable":true,"href":"https:\/\/feuerwehr-oedheim.de\/index.php\/wp-json\/wp\/v2\/comments?post=5902"}],"version-history":[{"count":20,"href":"https:\/\/feuerwehr-oedheim.de\/index.php\/wp-json\/wp\/v2\/pages\/5902\/revisions"}],"predecessor-version":[{"id":26774,"href":"https:\/\/feuerwehr-oedheim.de\/index.php\/wp-json\/wp\/v2\/pages\/5902\/revisions\/26774"}],"wp:attachment":[{"href":"https:\/\/feuerwehr-oedheim.de\/index.php\/wp-json\/wp\/v2\/media?parent=5902"}],"curies":[{"name":"wp","href":"https:\/\/api.w.org\/{rel}","templated":true}]}}

<div id="pl-gb5902-69f550f268e47"  class="panel-layout wp-block-siteorigin-panels-layout-block" ><div id="pg-gb5902-69f550f268e47-0"  class="panel-grid panel-no-style" ><div id="pgc-gb5902-69f550f268e47-0-0"  class="panel-grid-cell" ><div id="panel-gb5902-69f550f268e47-0-0-0" class="so-panel widget widget_sow-editor panel-first-child panel-last-child" data-index="0" ><div class="panel-widget-style panel-widget-style-for-gb5902-69f550f268e47-0-0-0" ><div
			
			class="so-widget-sow-editor so-widget-sow-editor-base"
			
		>
<div class="siteorigin-widget-tinymce textwidget">
	<p style="text-align: center;"><span style="color: #ff0000;"><em><strong>Sven Rathsam</strong></em></span></p>
<p style="text-align: center;">Gesamtgerätewart<br />
<a href="https://feuerwehr-oedheim.de/wp-content/uploads/2025/12/thumbnail_IMG_1308.jpg" data-src="https://feuerwehr-oedheim.de/wp-content/uploads/2025/12/thumbnail_IMG_1308.jpg" data-thumb="https://feuerwehr-oedheim.de/wp-content/uploads/2025/12/thumbnail_IMG_1308-225x300.jpg" class="ml-lightbox-enabled"><img loading="lazy" decoding="async" class="wp-image-26732 size-medium aligncenter" src="https://feuerwehr-oedheim.de/wp-content/uploads/2025/12/thumbnail_IMG_1308-225x300.jpg" alt="" width="225" height="300" srcset="https://feuerwehr-oedheim.de/wp-content/uploads/2025/12/thumbnail_IMG_1308-225x300.jpg 225w, https://feuerwehr-oedheim.de/wp-content/uploads/2025/12/thumbnail_IMG_1308-451x600.jpg 451w, https://feuerwehr-oedheim.de/wp-content/uploads/2025/12/thumbnail_IMG_1308-120x160.jpg 120w, https://feuerwehr-oedheim.de/wp-content/uploads/2025/12/thumbnail_IMG_1308.jpg 481w" sizes="(max-width: 225px) 100vw, 225px" /></a></p>
</div>
</div></div></div></div></div><div id="pg-gb5902-69f550f268e47-1"  class="panel-grid panel-no-style" ><div id="pgc-gb5902-69f550f268e47-1-0"  class="panel-grid-cell" ><div id="panel-gb5902-69f550f268e47-1-0-0" class="so-panel widget widget_sow-editor panel-first-child" data-index="1" ><div class="panel-widget-style panel-widget-style-for-gb5902-69f550f268e47-1-0-0" ><div
			
			class="so-widget-sow-editor so-widget-sow-editor-base"
			
		>
<div class="siteorigin-widget-tinymce textwidget">
	<p style="text-align: center;"><span style="color: #ff0000;"><em><strong>Thomas Feeser</strong></em></span></p>
<p style="text-align: center;">Feuerwehrhaus<br />
<a href="https://feuerwehr-oedheim.de/wp-content/uploads/2025/12/thumbnail_IMG_1314.jpg" data-src="https://feuerwehr-oedheim.de/wp-content/uploads/2025/12/thumbnail_IMG_1314.jpg" data-thumb="https://feuerwehr-oedheim.de/wp-content/uploads/2025/12/thumbnail_IMG_1314-225x300.jpg" class="ml-lightbox-enabled"><img loading="lazy" decoding="async" class="wp-image-26694 size-medium aligncenter" src="https://feuerwehr-oedheim.de/wp-content/uploads/2025/12/thumbnail_IMG_1314-225x300.jpg" alt="" width="225" height="300" srcset="https://feuerwehr-oedheim.de/wp-content/uploads/2025/12/thumbnail_IMG_1314-225x300.jpg 225w, https://feuerwehr-oedheim.de/wp-content/uploads/2025/12/thumbnail_IMG_1314-451x600.jpg 451w, https://feuerwehr-oedheim.de/wp-content/uploads/2025/12/thumbnail_IMG_1314-120x160.jpg 120w, https://feuerwehr-oedheim.de/wp-content/uploads/2025/12/thumbnail_IMG_1314.jpg 481w" sizes="(max-width: 225px) 100vw, 225px" /></a></p>
</div>
</div></div></div><div id="panel-gb5902-69f550f268e47-1-0-1" class="so-panel widget widget_sow-editor panel-last-child" data-index="2" ><div class="panel-widget-style panel-widget-style-for-gb5902-69f550f268e47-1-0-1" ><div
			
			class="so-widget-sow-editor so-widget-sow-editor-base"
			
		>
<div class="siteorigin-widget-tinymce textwidget">
	<p style="text-align: center;"><span style="color: #ff0000;"><em><strong>Nicole Rathsam</strong></em></span></p>
<p style="text-align: center;">Kleiderkammer<br />
<a href="https://feuerwehr-oedheim.de/wp-content/uploads/2025/12/thumbnail_IMG_1304.jpg" data-src="https://feuerwehr-oedheim.de/wp-content/uploads/2025/12/thumbnail_IMG_1304.jpg" data-thumb="https://feuerwehr-oedheim.de/wp-content/uploads/2025/12/thumbnail_IMG_1304-225x300.jpg" class="ml-lightbox-enabled"><img loading="lazy" decoding="async" class="wp-image-26734 size-medium aligncenter" src="https://feuerwehr-oedheim.de/wp-content/uploads/2025/12/thumbnail_IMG_1304-225x300.jpg" alt="" width="225" height="300" srcset="https://feuerwehr-oedheim.de/wp-content/uploads/2025/12/thumbnail_IMG_1304-225x300.jpg 225w, https://feuerwehr-oedheim.de/wp-content/uploads/2025/12/thumbnail_IMG_1304-451x600.jpg 451w, https://feuerwehr-oedheim.de/wp-content/uploads/2025/12/thumbnail_IMG_1304-120x160.jpg 120w, https://feuerwehr-oedheim.de/wp-content/uploads/2025/12/thumbnail_IMG_1304.jpg 481w" sizes="(max-width: 225px) 100vw, 225px" /></a></p>
</div>
</div></div></div></div><div id="pgc-gb5902-69f550f268e47-1-1"  class="panel-grid-cell" ><div id="panel-gb5902-69f550f268e47-1-1-0" class="so-panel widget widget_sow-editor panel-first-child" data-index="3" ><div class="panel-widget-style panel-widget-style-for-gb5902-69f550f268e47-1-1-0" ><div
			
			class="so-widget-sow-editor so-widget-sow-editor-base"
			
		>
<div class="siteorigin-widget-tinymce textwidget">
	<p style="text-align: center;"><span style="color: #ff0000;"><em><strong>Mirko Janz</strong></em></span></p>
<p style="text-align: center;">Funk- und Kommunikationstechnik<br />
<a href="https://feuerwehr-oedheim.de/wp-content/uploads/2025/12/thumbnail_IMG_1391.jpg" data-src="https://feuerwehr-oedheim.de/wp-content/uploads/2025/12/thumbnail_IMG_1391.jpg" data-thumb="https://feuerwehr-oedheim.de/wp-content/uploads/2025/12/thumbnail_IMG_1391-225x300.jpg" class="ml-lightbox-enabled"><img loading="lazy" decoding="async" class="wp-image-26735 size-medium aligncenter" src="https://feuerwehr-oedheim.de/wp-content/uploads/2025/12/thumbnail_IMG_1391-225x300.jpg" alt="" width="225" height="300" srcset="https://feuerwehr-oedheim.de/wp-content/uploads/2025/12/thumbnail_IMG_1391-225x300.jpg 225w, https://feuerwehr-oedheim.de/wp-content/uploads/2025/12/thumbnail_IMG_1391-451x600.jpg 451w, https://feuerwehr-oedheim.de/wp-content/uploads/2025/12/thumbnail_IMG_1391-120x160.jpg 120w, https://feuerwehr-oedheim.de/wp-content/uploads/2025/12/thumbnail_IMG_1391.jpg 481w" sizes="(max-width: 225px) 100vw, 225px" /></a></p>
</div>
</div></div></div><div id="panel-gb5902-69f550f268e47-1-1-1" class="so-panel widget widget_sow-editor panel-last-child" data-index="4" ><div class="panel-widget-style panel-widget-style-for-gb5902-69f550f268e47-1-1-1" ><div
			
			class="so-widget-sow-editor so-widget-sow-editor-base"
			
		>
<div class="siteorigin-widget-tinymce textwidget">
	<p style="text-align: center;"><span style="color: #ff0000;"><em><strong>Achim Krenz</strong></em></span></p>
<p style="text-align: center;">IT<br />
<a href="https://feuerwehr-oedheim.de/wp-content/uploads/2025/12/thumbnail_IMG_1258.jpg" data-src="https://feuerwehr-oedheim.de/wp-content/uploads/2025/12/thumbnail_IMG_1258.jpg" data-thumb="https://feuerwehr-oedheim.de/wp-content/uploads/2025/12/thumbnail_IMG_1258-225x300.jpg" class="ml-lightbox-enabled"><img loading="lazy" decoding="async" class="wp-image-26736 size-medium aligncenter" src="https://feuerwehr-oedheim.de/wp-content/uploads/2025/12/thumbnail_IMG_1258-225x300.jpg" alt="" width="225" height="300" srcset="https://feuerwehr-oedheim.de/wp-content/uploads/2025/12/thumbnail_IMG_1258-225x300.jpg 225w, https://feuerwehr-oedheim.de/wp-content/uploads/2025/12/thumbnail_IMG_1258-451x600.jpg 451w, https://feuerwehr-oedheim.de/wp-content/uploads/2025/12/thumbnail_IMG_1258-120x160.jpg 120w, https://feuerwehr-oedheim.de/wp-content/uploads/2025/12/thumbnail_IMG_1258.jpg 481w" sizes="(max-width: 225px) 100vw, 225px" /></a></p>
</div>
</div></div></div></div></div></div>


<h5 class="wp-block-heading"></h5>



<p><br>Unser Team kümmert sich um die gesamte technische Ausstattung, das Feuerwehrhaus, die Bekleidung, das Infrastrukturelle und die Fahrzeuge der Feuerwehr Oedheim. Hierzu zählt insbesondere die jährlich vorgeschriebene Funktionsprüfung der Ausrüstung, wobei eine Vielzahl von Vorgaben und Vorschriften einzuhalten sind. Außerdem erstreckt sich das Aufgabenfeld über die Wartung und Reparatur von Einsatzmitteln bis hin zur Beratung und Unterstützung des Kommandanten bei Neuanschaffungen von Fahrzeugen und Geräten.</p>

<p>Sven Rathsam Gesamtgerätewart Thomas Feeser Feuerwehrhaus Nicole Rathsam Kleiderkammer Mirko Janz Funk- und Kommunikationstechnik Achim Krenz IT</p>
