{"id":5925,"date":"2021-12-30T13:02:48","date_gmt":"2021-12-30T12:02:48","guid":{"rendered":"http:\/\/feuerwehr-oedheim.de\/?page_id=5925"},"modified":"2025-12-22T12:45:05","modified_gmt":"2025-12-22T10:45:05","slug":"unsere-zugfuehrer","status":"publish","type":"page","link":"https:\/\/feuerwehr-oedheim.de\/index.php\/unsere-zugfuehrer\/","title":{"rendered":"Unsere Zugf\u00fchrer"},"content":{"rendered":"<div id=\"pl-gb5925-69f551374fac3\"  class=\"panel-layout wp-block-siteorigin-panels-layout-block\" ><div id=\"pg-gb5925-69f551374fac3-0\"  class=\"panel-grid panel-no-style\" ><div id=\"pgc-gb5925-69f551374fac3-0-0\"  class=\"panel-grid-cell\" ><div id=\"panel-gb5925-69f551374fac3-0-0-0\" class=\"so-panel widget widget_text panel-first-child\" data-index=\"0\" >\t\t\t<div class=\"textwidget\"><p>Aktuell geh\u00f6ren 82 aktive Feuerwehrkameraden*innen der Einsatzabteilung an.<\/p>\n<p>Diese gliedern sich hierbei in drei Z\u00fcge. Jeder Zug wird von einem Zugf\u00fchrer und seinem Stellvertreter gef\u00fchrt.<\/p>\n<\/div>\n\t\t<\/div><div id=\"panel-gb5925-69f551374fac3-0-0-1\" class=\"so-panel widget widget_sow-editor panel-last-child\" data-index=\"1\" ><div\n\t\t\t\n\t\t\tclass=\"so-widget-sow-editor so-widget-sow-editor-base\"\n\t\t\t\n\t\t>\n<div class=\"siteorigin-widget-tinymce textwidget\">\n\t<\/div>\n<\/div><\/div><\/div><\/div><\/div>\n\n\n<p><\/p>\n\n\n\n<p><\/p>\n\n\n<div id=\"pl-gb5925-69f5513750570\"  class=\"panel-layout wp-block-siteorigin-panels-layout-block\" ><div id=\"pg-gb5925-69f5513750570-0\"  class=\"panel-grid panel-no-style\" ><div id=\"pgc-gb5925-69f5513750570-0-0\"  class=\"panel-grid-cell\" ><div id=\"panel-gb5925-69f5513750570-0-0-0\" class=\"so-panel widget widget_sow-editor panel-first-child\" data-index=\"0\" ><div\n\t\t\t\n\t\t\tclass=\"so-widget-sow-editor so-widget-sow-editor-base\"\n\t\t\t\n\t\t>\n<div class=\"siteorigin-widget-tinymce textwidget\">\n\t<p style=\"text-align: center;\">Zugf\u00fchrer 1.Zug<\/p>\n<p style=\"text-align: center;\"><span style=\"color: #ff0000;\"><em><strong>Sven Rathsam<\/strong><\/em><\/span><br \/>\n<a href=\"https:\/\/feuerwehr-oedheim.de\/wp-content\/uploads\/2025\/12\/thumbnail_IMG_1308.jpg\" data-src=\"https:\/\/feuerwehr-oedheim.de\/wp-content\/uploads\/2025\/12\/thumbnail_IMG_1308.jpg\" data-thumb=\"https:\/\/feuerwehr-oedheim.de\/wp-content\/uploads\/2025\/12\/thumbnail_IMG_1308-225x300.jpg\" class=\"ml-lightbox-enabled\"><img loading=\"lazy\" decoding=\"async\" class=\"wp-image-26732 size-medium aligncenter\" src=\"https:\/\/feuerwehr-oedheim.de\/wp-content\/uploads\/2025\/12\/thumbnail_IMG_1308-225x300.jpg\" alt=\"\" width=\"225\" height=\"300\" srcset=\"https:\/\/feuerwehr-oedheim.de\/wp-content\/uploads\/2025\/12\/thumbnail_IMG_1308-225x300.jpg 225w, https:\/\/feuerwehr-oedheim.de\/wp-content\/uploads\/2025\/12\/thumbnail_IMG_1308-451x600.jpg 451w, https:\/\/feuerwehr-oedheim.de\/wp-content\/uploads\/2025\/12\/thumbnail_IMG_1308-120x160.jpg 120w, https:\/\/feuerwehr-oedheim.de\/wp-content\/uploads\/2025\/12\/thumbnail_IMG_1308.jpg 481w\" sizes=\"(max-width: 225px) 100vw, 225px\" \/><\/a><\/p>\n<\/div>\n<\/div><\/div><div id=\"panel-gb5925-69f5513750570-0-0-1\" class=\"so-panel widget widget_sow-editor panel-last-child\" data-index=\"1\" ><div\n\t\t\t\n\t\t\tclass=\"so-widget-sow-editor so-widget-sow-editor-base\"\n\t\t\t\n\t\t>\n<div class=\"siteorigin-widget-tinymce textwidget\">\n\t<p style=\"text-align: center;\">Stellv. Zugf\u00fchrer 1.Zug<\/p>\n<p style=\"text-align: center;\"><span style=\"color: #ff0000;\"><em><strong>Thomas Feeser<\/strong><\/em><\/span><br \/>\n<a href=\"https:\/\/feuerwehr-oedheim.de\/wp-content\/uploads\/2025\/12\/thumbnail_IMG_1314.jpg\" data-src=\"https:\/\/feuerwehr-oedheim.de\/wp-content\/uploads\/2025\/12\/thumbnail_IMG_1314.jpg\" data-thumb=\"https:\/\/feuerwehr-oedheim.de\/wp-content\/uploads\/2025\/12\/thumbnail_IMG_1314-225x300.jpg\" class=\"ml-lightbox-enabled\"><img loading=\"lazy\" decoding=\"async\" class=\"wp-image-26694 size-medium aligncenter\" src=\"https:\/\/feuerwehr-oedheim.de\/wp-content\/uploads\/2025\/12\/thumbnail_IMG_1314-225x300.jpg\" alt=\"\" width=\"225\" height=\"300\" srcset=\"https:\/\/feuerwehr-oedheim.de\/wp-content\/uploads\/2025\/12\/thumbnail_IMG_1314-225x300.jpg 225w, https:\/\/feuerwehr-oedheim.de\/wp-content\/uploads\/2025\/12\/thumbnail_IMG_1314-451x600.jpg 451w, https:\/\/feuerwehr-oedheim.de\/wp-content\/uploads\/2025\/12\/thumbnail_IMG_1314-120x160.jpg 120w, https:\/\/feuerwehr-oedheim.de\/wp-content\/uploads\/2025\/12\/thumbnail_IMG_1314.jpg 481w\" sizes=\"(max-width: 225px) 100vw, 225px\" \/><\/a><\/p>\n<\/div>\n<\/div><\/div><\/div><div id=\"pgc-gb5925-69f5513750570-0-1\"  class=\"panel-grid-cell\" ><div id=\"panel-gb5925-69f5513750570-0-1-0\" class=\"so-panel widget widget_sow-editor panel-first-child\" data-index=\"2\" ><div\n\t\t\t\n\t\t\tclass=\"so-widget-sow-editor so-widget-sow-editor-base\"\n\t\t\t\n\t\t>\n<div class=\"siteorigin-widget-tinymce textwidget\">\n\t<p style=\"text-align: center;\">Zugf\u00fchrer 2.Zug<\/p>\n<p style=\"text-align: center;\"><span style=\"color: #ff0000;\"><em><strong>Bernd K\u00fchner<\/strong><\/em><\/span><br \/>\n<a href=\"https:\/\/feuerwehr-oedheim.de\/wp-content\/uploads\/2025\/12\/thumbnail_IMG_1331.jpg\" data-src=\"https:\/\/feuerwehr-oedheim.de\/wp-content\/uploads\/2025\/12\/thumbnail_IMG_1331.jpg\" data-thumb=\"https:\/\/feuerwehr-oedheim.de\/wp-content\/uploads\/2025\/12\/thumbnail_IMG_1331-225x300.jpg\" class=\"ml-lightbox-enabled\"><img loading=\"lazy\" decoding=\"async\" class=\"wp-image-26741 size-medium aligncenter\" src=\"https:\/\/feuerwehr-oedheim.de\/wp-content\/uploads\/2025\/12\/thumbnail_IMG_1331-225x300.jpg\" alt=\"\" width=\"225\" height=\"300\" srcset=\"https:\/\/feuerwehr-oedheim.de\/wp-content\/uploads\/2025\/12\/thumbnail_IMG_1331-225x300.jpg 225w, https:\/\/feuerwehr-oedheim.de\/wp-content\/uploads\/2025\/12\/thumbnail_IMG_1331-451x600.jpg 451w, https:\/\/feuerwehr-oedheim.de\/wp-content\/uploads\/2025\/12\/thumbnail_IMG_1331-120x160.jpg 120w, https:\/\/feuerwehr-oedheim.de\/wp-content\/uploads\/2025\/12\/thumbnail_IMG_1331.jpg 481w\" sizes=\"(max-width: 225px) 100vw, 225px\" \/><\/a><\/p>\n<\/div>\n<\/div><\/div><div id=\"panel-gb5925-69f5513750570-0-1-1\" class=\"so-panel widget widget_sow-editor panel-last-child\" data-index=\"3\" ><div\n\t\t\t\n\t\t\tclass=\"so-widget-sow-editor so-widget-sow-editor-base\"\n\t\t\t\n\t\t>\n<div class=\"siteorigin-widget-tinymce textwidget\">\n\t<p style=\"text-align: center;\">Stellv. Zugf\u00fchrer 2.Zug<\/p>\n<p style=\"text-align: center;\"><span style=\"color: #ff0000;\"><em><strong>Marcel Glaser<\/strong><\/em><\/span><br \/>\n<a href=\"https:\/\/feuerwehr-oedheim.de\/wp-content\/uploads\/2025\/12\/thumbnail_IMG_1287.jpg\" data-src=\"https:\/\/feuerwehr-oedheim.de\/wp-content\/uploads\/2025\/12\/thumbnail_IMG_1287.jpg\" data-thumb=\"https:\/\/feuerwehr-oedheim.de\/wp-content\/uploads\/2025\/12\/thumbnail_IMG_1287-225x300.jpg\" class=\"ml-lightbox-enabled\"><img loading=\"lazy\" decoding=\"async\" class=\"wp-image-26718 size-medium aligncenter\" src=\"https:\/\/feuerwehr-oedheim.de\/wp-content\/uploads\/2025\/12\/thumbnail_IMG_1287-225x300.jpg\" alt=\"\" width=\"225\" height=\"300\" srcset=\"https:\/\/feuerwehr-oedheim.de\/wp-content\/uploads\/2025\/12\/thumbnail_IMG_1287-225x300.jpg 225w, https:\/\/feuerwehr-oedheim.de\/wp-content\/uploads\/2025\/12\/thumbnail_IMG_1287-451x600.jpg 451w, https:\/\/feuerwehr-oedheim.de\/wp-content\/uploads\/2025\/12\/thumbnail_IMG_1287-120x160.jpg 120w, https:\/\/feuerwehr-oedheim.de\/wp-content\/uploads\/2025\/12\/thumbnail_IMG_1287.jpg 481w\" sizes=\"(max-width: 225px) 100vw, 225px\" \/><\/a><\/p>\n<\/div>\n<\/div><\/div><\/div><div id=\"pgc-gb5925-69f5513750570-0-2\"  class=\"panel-grid-cell\" ><div id=\"panel-gb5925-69f5513750570-0-2-0\" class=\"so-panel widget widget_sow-editor panel-first-child\" data-index=\"4\" ><div\n\t\t\t\n\t\t\tclass=\"so-widget-sow-editor so-widget-sow-editor-base\"\n\t\t\t\n\t\t>\n<div class=\"siteorigin-widget-tinymce textwidget\">\n\t<p style=\"text-align: center;\">Zugf\u00fchrer 3.Zug<\/p>\n<p style=\"text-align: center;\"><span style=\"color: #ff0000;\"><em><strong>Jonas Hofmann<\/strong><\/em><\/span><br \/>\n<a href=\"https:\/\/feuerwehr-oedheim.de\/wp-content\/uploads\/2025\/12\/thumbnail_IMG_1348.jpg\" data-src=\"https:\/\/feuerwehr-oedheim.de\/wp-content\/uploads\/2025\/12\/thumbnail_IMG_1348.jpg\" data-thumb=\"https:\/\/feuerwehr-oedheim.de\/wp-content\/uploads\/2025\/12\/thumbnail_IMG_1348-225x300.jpg\" class=\"ml-lightbox-enabled\"><img loading=\"lazy\" decoding=\"async\" class=\"wp-image-26742 size-medium aligncenter\" src=\"https:\/\/feuerwehr-oedheim.de\/wp-content\/uploads\/2025\/12\/thumbnail_IMG_1348-225x300.jpg\" alt=\"\" width=\"225\" height=\"300\" srcset=\"https:\/\/feuerwehr-oedheim.de\/wp-content\/uploads\/2025\/12\/thumbnail_IMG_1348-225x300.jpg 225w, https:\/\/feuerwehr-oedheim.de\/wp-content\/uploads\/2025\/12\/thumbnail_IMG_1348-451x600.jpg 451w, https:\/\/feuerwehr-oedheim.de\/wp-content\/uploads\/2025\/12\/thumbnail_IMG_1348-120x160.jpg 120w, https:\/\/feuerwehr-oedheim.de\/wp-content\/uploads\/2025\/12\/thumbnail_IMG_1348.jpg 481w\" sizes=\"(max-width: 225px) 100vw, 225px\" \/><\/a><\/p>\n<\/div>\n<\/div><\/div><div id=\"panel-gb5925-69f5513750570-0-2-1\" class=\"so-panel widget widget_sow-editor panel-last-child\" data-index=\"5\" ><div\n\t\t\t\n\t\t\tclass=\"so-widget-sow-editor so-widget-sow-editor-base\"\n\t\t\t\n\t\t>\n<div class=\"siteorigin-widget-tinymce textwidget\">\n\t<p style=\"text-align: center;\">Stellv. Zugf\u00fchrer 3.Zug<\/p>\n<p style=\"text-align: center;\"><span style=\"color: #ff0000;\"><em><strong>Stephan H\u00f6pfer<\/strong><\/em><\/span><br \/>\n<a href=\"https:\/\/feuerwehr-oedheim.de\/wp-content\/uploads\/2025\/12\/thumbnail_IMG_1297.jpg\" data-src=\"https:\/\/feuerwehr-oedheim.de\/wp-content\/uploads\/2025\/12\/thumbnail_IMG_1297.jpg\" data-thumb=\"https:\/\/feuerwehr-oedheim.de\/wp-content\/uploads\/2025\/12\/thumbnail_IMG_1297-225x300.jpg\" class=\"ml-lightbox-enabled\"><img loading=\"lazy\" decoding=\"async\" class=\"wp-image-26743 size-medium aligncenter\" src=\"https:\/\/feuerwehr-oedheim.de\/wp-content\/uploads\/2025\/12\/thumbnail_IMG_1297-225x300.jpg\" alt=\"\" width=\"225\" height=\"300\" srcset=\"https:\/\/feuerwehr-oedheim.de\/wp-content\/uploads\/2025\/12\/thumbnail_IMG_1297-225x300.jpg 225w, https:\/\/feuerwehr-oedheim.de\/wp-content\/uploads\/2025\/12\/thumbnail_IMG_1297-451x600.jpg 451w, https:\/\/feuerwehr-oedheim.de\/wp-content\/uploads\/2025\/12\/thumbnail_IMG_1297-120x160.jpg 120w, https:\/\/feuerwehr-oedheim.de\/wp-content\/uploads\/2025\/12\/thumbnail_IMG_1297.jpg 481w\" sizes=\"(max-width: 225px) 100vw, 225px\" \/><\/a><\/p>\n<\/div>\n<\/div><\/div><\/div><\/div><\/div>","protected":false},"excerpt":{"rendered":"<p>Aktuell geh\u00f6ren 82 aktive Feuerwehrkameraden*innen der Einsatzabteilung an. Diese gliedern sich hierbei in drei Z\u00fcge. Jeder Zug wird von einem Zugf\u00fchrer und seinem Stellvertreter gef\u00fchrt.<\/p>\n","protected":false},"author":3,"featured_media":0,"parent":0,"menu_order":0,"comment_status":"closed","ping_status":"closed","template":"","meta":{"footnotes":""},"_links":{"self":[{"href":"https:\/\/feuerwehr-oedheim.de\/index.php\/wp-json\/wp\/v2\/pages\/5925"}],"collection":[{"href":"https:\/\/feuerwehr-oedheim.de\/index.php\/wp-json\/wp\/v2\/pages"}],"about":[{"href":"https:\/\/feuerwehr-oedheim.de\/index.php\/wp-json\/wp\/v2\/types\/page"}],"author":[{"embeddable":true,"href":"https:\/\/feuerwehr-oedheim.de\/index.php\/wp-json\/wp\/v2\/users\/3"}],"replies":[{"embeddable":true,"href":"https:\/\/feuerwehr-oedheim.de\/index.php\/wp-json\/wp\/v2\/comments?post=5925"}],"version-history":[{"count":11,"href":"https:\/\/feuerwehr-oedheim.de\/index.php\/wp-json\/wp\/v2\/pages\/5925\/revisions"}],"predecessor-version":[{"id":26744,"href":"https:\/\/feuerwehr-oedheim.de\/index.php\/wp-json\/wp\/v2\/pages\/5925\/revisions\/26744"}],"wp:attachment":[{"href":"https:\/\/feuerwehr-oedheim.de\/index.php\/wp-json\/wp\/v2\/media?parent=5925"}],"curies":[{"name":"wp","href":"https:\/\/api.w.org\/{rel}","templated":true}]}}

Unsere Zugführer

<div id="pl-gb5925-69f551374fac3"  class="panel-layout wp-block-siteorigin-panels-layout-block" ><div id="pg-gb5925-69f551374fac3-0"  class="panel-grid panel-no-style" ><div id="pgc-gb5925-69f551374fac3-0-0"  class="panel-grid-cell" ><div id="panel-gb5925-69f551374fac3-0-0-0" class="so-panel widget widget_text panel-first-child" data-index="0" >			<div class="textwidget"><p>Aktuell gehören 82 aktive Feuerwehrkameraden*innen der Einsatzabteilung an.</p>
<p>Diese gliedern sich hierbei in drei Züge. Jeder Zug wird von einem Zugführer und seinem Stellvertreter geführt.</p>
</div>
		</div><div id="panel-gb5925-69f551374fac3-0-0-1" class="so-panel widget widget_sow-editor panel-last-child" data-index="1" ><div
			
			class="so-widget-sow-editor so-widget-sow-editor-base"
			
		>
<div class="siteorigin-widget-tinymce textwidget">
	</div>
</div></div></div></div></div>


<p></p>



<p></p>


<div id="pl-gb5925-69f5513750570"  class="panel-layout wp-block-siteorigin-panels-layout-block" ><div id="pg-gb5925-69f5513750570-0"  class="panel-grid panel-no-style" ><div id="pgc-gb5925-69f5513750570-0-0"  class="panel-grid-cell" ><div id="panel-gb5925-69f5513750570-0-0-0" class="so-panel widget widget_sow-editor panel-first-child" data-index="0" ><div
			
			class="so-widget-sow-editor so-widget-sow-editor-base"
			
		>
<div class="siteorigin-widget-tinymce textwidget">
	<p style="text-align: center;">Zugführer 1.Zug</p>
<p style="text-align: center;"><span style="color: #ff0000;"><em><strong>Sven Rathsam</strong></em></span><br />
<a href="https://feuerwehr-oedheim.de/wp-content/uploads/2025/12/thumbnail_IMG_1308.jpg" data-src="https://feuerwehr-oedheim.de/wp-content/uploads/2025/12/thumbnail_IMG_1308.jpg" data-thumb="https://feuerwehr-oedheim.de/wp-content/uploads/2025/12/thumbnail_IMG_1308-225x300.jpg" class="ml-lightbox-enabled"><img loading="lazy" decoding="async" class="wp-image-26732 size-medium aligncenter" src="https://feuerwehr-oedheim.de/wp-content/uploads/2025/12/thumbnail_IMG_1308-225x300.jpg" alt="" width="225" height="300" srcset="https://feuerwehr-oedheim.de/wp-content/uploads/2025/12/thumbnail_IMG_1308-225x300.jpg 225w, https://feuerwehr-oedheim.de/wp-content/uploads/2025/12/thumbnail_IMG_1308-451x600.jpg 451w, https://feuerwehr-oedheim.de/wp-content/uploads/2025/12/thumbnail_IMG_1308-120x160.jpg 120w, https://feuerwehr-oedheim.de/wp-content/uploads/2025/12/thumbnail_IMG_1308.jpg 481w" sizes="(max-width: 225px) 100vw, 225px" /></a></p>
</div>
</div></div><div id="panel-gb5925-69f5513750570-0-0-1" class="so-panel widget widget_sow-editor panel-last-child" data-index="1" ><div
			
			class="so-widget-sow-editor so-widget-sow-editor-base"
			
		>
<div class="siteorigin-widget-tinymce textwidget">
	<p style="text-align: center;">Stellv. Zugführer 1.Zug</p>
<p style="text-align: center;"><span style="color: #ff0000;"><em><strong>Thomas Feeser</strong></em></span><br />
<a href="https://feuerwehr-oedheim.de/wp-content/uploads/2025/12/thumbnail_IMG_1314.jpg" data-src="https://feuerwehr-oedheim.de/wp-content/uploads/2025/12/thumbnail_IMG_1314.jpg" data-thumb="https://feuerwehr-oedheim.de/wp-content/uploads/2025/12/thumbnail_IMG_1314-225x300.jpg" class="ml-lightbox-enabled"><img loading="lazy" decoding="async" class="wp-image-26694 size-medium aligncenter" src="https://feuerwehr-oedheim.de/wp-content/uploads/2025/12/thumbnail_IMG_1314-225x300.jpg" alt="" width="225" height="300" srcset="https://feuerwehr-oedheim.de/wp-content/uploads/2025/12/thumbnail_IMG_1314-225x300.jpg 225w, https://feuerwehr-oedheim.de/wp-content/uploads/2025/12/thumbnail_IMG_1314-451x600.jpg 451w, https://feuerwehr-oedheim.de/wp-content/uploads/2025/12/thumbnail_IMG_1314-120x160.jpg 120w, https://feuerwehr-oedheim.de/wp-content/uploads/2025/12/thumbnail_IMG_1314.jpg 481w" sizes="(max-width: 225px) 100vw, 225px" /></a></p>
</div>
</div></div></div><div id="pgc-gb5925-69f5513750570-0-1"  class="panel-grid-cell" ><div id="panel-gb5925-69f5513750570-0-1-0" class="so-panel widget widget_sow-editor panel-first-child" data-index="2" ><div
			
			class="so-widget-sow-editor so-widget-sow-editor-base"
			
		>
<div class="siteorigin-widget-tinymce textwidget">
	<p style="text-align: center;">Zugführer 2.Zug</p>
<p style="text-align: center;"><span style="color: #ff0000;"><em><strong>Bernd Kühner</strong></em></span><br />
<a href="https://feuerwehr-oedheim.de/wp-content/uploads/2025/12/thumbnail_IMG_1331.jpg" data-src="https://feuerwehr-oedheim.de/wp-content/uploads/2025/12/thumbnail_IMG_1331.jpg" data-thumb="https://feuerwehr-oedheim.de/wp-content/uploads/2025/12/thumbnail_IMG_1331-225x300.jpg" class="ml-lightbox-enabled"><img loading="lazy" decoding="async" class="wp-image-26741 size-medium aligncenter" src="https://feuerwehr-oedheim.de/wp-content/uploads/2025/12/thumbnail_IMG_1331-225x300.jpg" alt="" width="225" height="300" srcset="https://feuerwehr-oedheim.de/wp-content/uploads/2025/12/thumbnail_IMG_1331-225x300.jpg 225w, https://feuerwehr-oedheim.de/wp-content/uploads/2025/12/thumbnail_IMG_1331-451x600.jpg 451w, https://feuerwehr-oedheim.de/wp-content/uploads/2025/12/thumbnail_IMG_1331-120x160.jpg 120w, https://feuerwehr-oedheim.de/wp-content/uploads/2025/12/thumbnail_IMG_1331.jpg 481w" sizes="(max-width: 225px) 100vw, 225px" /></a></p>
</div>
</div></div><div id="panel-gb5925-69f5513750570-0-1-1" class="so-panel widget widget_sow-editor panel-last-child" data-index="3" ><div
			
			class="so-widget-sow-editor so-widget-sow-editor-base"
			
		>
<div class="siteorigin-widget-tinymce textwidget">
	<p style="text-align: center;">Stellv. Zugführer 2.Zug</p>
<p style="text-align: center;"><span style="color: #ff0000;"><em><strong>Marcel Glaser</strong></em></span><br />
<a href="https://feuerwehr-oedheim.de/wp-content/uploads/2025/12/thumbnail_IMG_1287.jpg" data-src="https://feuerwehr-oedheim.de/wp-content/uploads/2025/12/thumbnail_IMG_1287.jpg" data-thumb="https://feuerwehr-oedheim.de/wp-content/uploads/2025/12/thumbnail_IMG_1287-225x300.jpg" class="ml-lightbox-enabled"><img loading="lazy" decoding="async" class="wp-image-26718 size-medium aligncenter" src="https://feuerwehr-oedheim.de/wp-content/uploads/2025/12/thumbnail_IMG_1287-225x300.jpg" alt="" width="225" height="300" srcset="https://feuerwehr-oedheim.de/wp-content/uploads/2025/12/thumbnail_IMG_1287-225x300.jpg 225w, https://feuerwehr-oedheim.de/wp-content/uploads/2025/12/thumbnail_IMG_1287-451x600.jpg 451w, https://feuerwehr-oedheim.de/wp-content/uploads/2025/12/thumbnail_IMG_1287-120x160.jpg 120w, https://feuerwehr-oedheim.de/wp-content/uploads/2025/12/thumbnail_IMG_1287.jpg 481w" sizes="(max-width: 225px) 100vw, 225px" /></a></p>
</div>
</div></div></div><div id="pgc-gb5925-69f5513750570-0-2"  class="panel-grid-cell" ><div id="panel-gb5925-69f5513750570-0-2-0" class="so-panel widget widget_sow-editor panel-first-child" data-index="4" ><div
			
			class="so-widget-sow-editor so-widget-sow-editor-base"
			
		>
<div class="siteorigin-widget-tinymce textwidget">
	<p style="text-align: center;">Zugführer 3.Zug</p>
<p style="text-align: center;"><span style="color: #ff0000;"><em><strong>Jonas Hofmann</strong></em></span><br />
<a href="https://feuerwehr-oedheim.de/wp-content/uploads/2025/12/thumbnail_IMG_1348.jpg" data-src="https://feuerwehr-oedheim.de/wp-content/uploads/2025/12/thumbnail_IMG_1348.jpg" data-thumb="https://feuerwehr-oedheim.de/wp-content/uploads/2025/12/thumbnail_IMG_1348-225x300.jpg" class="ml-lightbox-enabled"><img loading="lazy" decoding="async" class="wp-image-26742 size-medium aligncenter" src="https://feuerwehr-oedheim.de/wp-content/uploads/2025/12/thumbnail_IMG_1348-225x300.jpg" alt="" width="225" height="300" srcset="https://feuerwehr-oedheim.de/wp-content/uploads/2025/12/thumbnail_IMG_1348-225x300.jpg 225w, https://feuerwehr-oedheim.de/wp-content/uploads/2025/12/thumbnail_IMG_1348-451x600.jpg 451w, https://feuerwehr-oedheim.de/wp-content/uploads/2025/12/thumbnail_IMG_1348-120x160.jpg 120w, https://feuerwehr-oedheim.de/wp-content/uploads/2025/12/thumbnail_IMG_1348.jpg 481w" sizes="(max-width: 225px) 100vw, 225px" /></a></p>
</div>
</div></div><div id="panel-gb5925-69f5513750570-0-2-1" class="so-panel widget widget_sow-editor panel-last-child" data-index="5" ><div
			
			class="so-widget-sow-editor so-widget-sow-editor-base"
			
		>
<div class="siteorigin-widget-tinymce textwidget">
	<p style="text-align: center;">Stellv. Zugführer 3.Zug</p>
<p style="text-align: center;"><span style="color: #ff0000;"><em><strong>Stephan Höpfer</strong></em></span><br />
<a href="https://feuerwehr-oedheim.de/wp-content/uploads/2025/12/thumbnail_IMG_1297.jpg" data-src="https://feuerwehr-oedheim.de/wp-content/uploads/2025/12/thumbnail_IMG_1297.jpg" data-thumb="https://feuerwehr-oedheim.de/wp-content/uploads/2025/12/thumbnail_IMG_1297-225x300.jpg" class="ml-lightbox-enabled"><img loading="lazy" decoding="async" class="wp-image-26743 size-medium aligncenter" src="https://feuerwehr-oedheim.de/wp-content/uploads/2025/12/thumbnail_IMG_1297-225x300.jpg" alt="" width="225" height="300" srcset="https://feuerwehr-oedheim.de/wp-content/uploads/2025/12/thumbnail_IMG_1297-225x300.jpg 225w, https://feuerwehr-oedheim.de/wp-content/uploads/2025/12/thumbnail_IMG_1297-451x600.jpg 451w, https://feuerwehr-oedheim.de/wp-content/uploads/2025/12/thumbnail_IMG_1297-120x160.jpg 120w, https://feuerwehr-oedheim.de/wp-content/uploads/2025/12/thumbnail_IMG_1297.jpg 481w" sizes="(max-width: 225px) 100vw, 225px" /></a></p>
</div>
</div></div></div></div></div>

<p>Aktuell gehören 82 aktive Feuerwehrkameraden*innen der Einsatzabteilung an. Diese gliedern sich hierbei in drei Züge. Jeder Zug wird von einem Zugführer und seinem Stellvertreter geführt.</p>
