{"id":81,"date":"2017-10-26T14:11:20","date_gmt":"2017-10-26T14:11:20","guid":{"rendered":"http:\/\/feuerwehr-oedheim.de\/Wordpress\/?page_id=81"},"modified":"2026-08-12T15:09:43","modified_gmt":"2026-08-12T13:09:43","slug":"start","status":"publish","type":"page","link":"https:\/\/feuerwehr-oedheim.de\/","title":{"rendered":"Herzlich Willkommen"},"content":{"rendered":"<div id=\"pl-81\"  class=\"panel-layout\" ><div id=\"pg-81-0\"  class=\"panel-grid panel-has-style\" ><div class=\"siteorigin-panels-stretch panel-row-style panel-row-style-for-81-0\" data-stretch-type=\"full\" ><div id=\"pgc-81-0-0\"  class=\"panel-grid-cell\" ><div id=\"panel-81-0-0-0\" class=\"so-panel widget widget_media_image panel-first-child\" data-index=\"0\" ><img loading=\"lazy\" decoding=\"async\" width=\"1080\" height=\"1350\" src=\"https:\/\/feuerwehr-oedheim.de\/wp-content\/uploads\/2026\/08\/13.09.-Instagram-Post-45.png\" class=\"image wp-image-27073  attachment-full size-full\" alt=\"\" style=\"max-width: 100%; height: auto;\" srcset=\"https:\/\/feuerwehr-oedheim.de\/wp-content\/uploads\/2026\/08\/13.09.-Instagram-Post-45.png 1080w, https:\/\/feuerwehr-oedheim.de\/wp-content\/uploads\/2026\/08\/13.09.-Instagram-Post-45-240x300.png 240w, https:\/\/feuerwehr-oedheim.de\/wp-content\/uploads\/2026\/08\/13.09.-Instagram-Post-45-768x960.png 768w, https:\/\/feuerwehr-oedheim.de\/wp-content\/uploads\/2026\/08\/13.09.-Instagram-Post-45-480x600.png 480w, https:\/\/feuerwehr-oedheim.de\/wp-content\/uploads\/2026\/08\/13.09.-Instagram-Post-45-128x160.png 128w\" sizes=\"(max-width: 1080px) 100vw, 1080px\" \/><\/div><div id=\"panel-81-0-0-1\" class=\"so-panel widget widget_text\" data-index=\"1\" >\t\t\t<div class=\"textwidget\"><div data-olk-copy-source=\"MessageBody\">\ud83d\ude92 Tag der offenen T\u00fcr bei der Freiwilligen Feuerwehr Oedheim<\/div>\n<div dir=\"ltr\"><\/div>\n<div>\ud83d\udcc5 Sonntag, 13. September 2026<\/div>\n<div>\u23f0 11:00 Uhr<\/div>\n<div>\ud83d\udccd Feuerwehrhaus Oedheim<\/div>\n<div dir=\"ltr\"><\/div>\n<div>Ein Tag voller Feuerwehr, spannender Einblicke und echter Feuerwehr-Atmosph\u00e4re f\u00fcr euch! \ud83d\udd25<\/div>\n<div dir=\"ltr\"><\/div>\n<div><strong>\u2728 Das erwartet euch dar\u00fcberhinaus:\u00a0<\/strong><\/div>\n<div>\ud83d\ude92 Fahrzeugschau<\/div>\n<div>\ud83d\udc68\u200d\ud83d\ude92 Blick hinter die Tore unserer Feuerwehr<\/div>\n<div>\ud83d\udea8 Feuerwehrtechnik hautnah erleben<\/div>\n<div>\ud83c\udf89 Kinderprogramm<\/div>\n<div>\u2615 Kaffee &amp; Kuchen<\/div>\n<div>\ud83c\udf54 Leckere Speisen &amp; k\u00fchle Getr\u00e4nke<\/div>\n<div dir=\"ltr\"><\/div>\n<div><strong>\u2b50 Besonderes Highlight:<\/strong><\/div>\n<div>\ud83d\ude92 \u00dcbergabe und Fahrzeugweihe unseres neuen Mannschaftstransportwagens (MTW) \ud83d\udcab<\/div>\n<div dir=\"ltr\"><\/div>\n<div>Gemeinsam m\u00f6chten wir diesen besonderen Tag feiern und unser neues Fahrzeug offiziell in Dienst stellen.<\/div>\n<div dir=\"ltr\"><\/div>\n<div>Ob Gro\u00df oder Klein, Feuerwehrfan oder einfach neugierig \u2013 bei uns ist f\u00fcr jeden etwas dabei!<\/div>\n<div dir=\"ltr\"><\/div>\n<div>Wir freuen uns auf euch! \ud83e\udd73<\/div>\n<\/div>\n\t\t<\/div><div id=\"panel-81-0-0-2\" class=\"so-panel widget widget_media_image\" data-index=\"2\" ><img loading=\"lazy\" decoding=\"async\" width=\"1080\" height=\"1350\" src=\"https:\/\/feuerwehr-oedheim.de\/wp-content\/uploads\/2026\/08\/Kopie-von-Jubilaeum.jpeg\" class=\"image wp-image-27071  attachment-full size-full\" alt=\"\" style=\"max-width: 100%; height: auto;\" srcset=\"https:\/\/feuerwehr-oedheim.de\/wp-content\/uploads\/2026\/08\/Kopie-von-Jubilaeum.jpeg 1080w, https:\/\/feuerwehr-oedheim.de\/wp-content\/uploads\/2026\/08\/Kopie-von-Jubilaeum-240x300.jpeg 240w, https:\/\/feuerwehr-oedheim.de\/wp-content\/uploads\/2026\/08\/Kopie-von-Jubilaeum-768x960.jpeg 768w, https:\/\/feuerwehr-oedheim.de\/wp-content\/uploads\/2026\/08\/Kopie-von-Jubilaeum-480x600.jpeg 480w, https:\/\/feuerwehr-oedheim.de\/wp-content\/uploads\/2026\/08\/Kopie-von-Jubilaeum-128x160.jpeg 128w\" sizes=\"(max-width: 1080px) 100vw, 1080px\" \/><\/div><div id=\"panel-81-0-0-3\" class=\"so-panel widget widget_text panel-last-child\" data-index=\"3\" >\t\t\t<div class=\"textwidget\"><p class=\"isSelectedEnd\">\ud83d\ude92\ud83c\udf89 <strong>Kinderfest zum Jubil\u00e4um der Freiwilligen Feuerwehr Oedheim<\/strong> \ud83c\udf89\ud83d\ude92<\/p>\n<p class=\"isSelectedEnd\">\ud83d\udcc5 <strong>Samstag, 26. September 2026<\/strong><br \/>\n\u23f0 <strong>ab 11:00 Uhr<\/strong><br \/>\n\ud83d\udccd <strong>EDEKA-Parkplatz in Oedheim<\/strong><\/p>\n<p class=\"isSelectedEnd\">Wir feiern Jubil\u00e4um \u2013 und das gemeinsam mit euch! \ud83e\udd73<br \/>\nFreut euch auf ein tolles <strong>Kinderfest rund um die Feuerwehr<\/strong> mit spannenden Erlebnissen, Spiel und Spa\u00df f\u00fcr die ganze Familie. \ud83d\ude92\ud83d\udd25<\/p>\n<p class=\"isSelectedEnd\"><strong>\u2728 Das erwartet euch:<\/strong><br \/>\n\ud83d\ude92 Feuerwehrfahrzeuge hautnah erleben<br \/>\n\ud83d\udea8 Feuerwehrtechnik entdecken<br \/>\n\ud83c\udf89 Tolles Kinderprogramm<br \/>\n\ud83c\udf54 Leckere Feuerwehrw\u00fcrste &amp; k\u00fchle Getr\u00e4nke<br \/>\n\ud83c\udf88 Jede Menge Spa\u00df f\u00fcr unsere kleinen und gro\u00dfen G\u00e4ste<\/p>\n<p class=\"isSelectedEnd\"><strong>\u2b50 Besonderes Highlight um 11:30 Uhr:<\/strong><br \/>\n\ud83c\udfc5 <strong>Ehrung f\u00fcr Herrn Ueltzh\u00f6fer mit der Floriansplakette der Jugendfeuerwehr Baden-W\u00fcrttemberg<\/strong> \ud83c\udfc5<\/p>\n<p class=\"isSelectedEnd\">Damit w\u00fcrdigen wir sein besonderes Engagement und seinen Einsatz f\u00fcr die Jugendfeuerwehr.<\/p>\n<p class=\"isSelectedEnd\">Ein ganz besonderer Moment im Rahmen unseres Jubil\u00e4ums! \u2764\ufe0f\ud83d\ude92<\/p>\n<p class=\"isSelectedEnd\">Kommt vorbei und feiert mit uns einen unvergesslichen Tag!<br \/>\n<strong>Ob Gro\u00df oder Klein \u2013 bei unserem Kinderfest ist f\u00fcr jeden etwas dabei!<\/strong> \ud83c\udf89<\/p>\n<p>Wir freuen uns auf euch! \ud83e\udd73\ud83d\ude92<\/p>\n<\/div>\n\t\t<\/div><\/div><\/div><\/div><div id=\"pg-81-1\"  class=\"panel-grid panel-has-style\" ><div class=\"siteorigin-panels-stretch panel-row-style panel-row-style-for-81-1\" data-stretch-type=\"full\" ><div id=\"pgc-81-1-0\"  class=\"panel-grid-cell\" ><div id=\"panel-81-1-0-0\" class=\"so-panel widget widget_media_video panel-first-child\" data-index=\"4\" ><div style=\"width:100%;\" class=\"wp-video\"><!--[if lt IE 9]><script>document.createElement('video');<\/script><![endif]-->\n<video class=\"wp-video-shortcode\" id=\"video-81-1\" preload=\"auto\" controls=\"controls\"><source type=\"video\/mp4\" src=\"https:\/\/feuerwehr-oedheim.de\/wp-content\/uploads\/2025\/11\/Freiwillige-feuerwehr-oedheim-1.mp4?_=1\" \/><source type=\"video\/mp4\" src=\"https:\/\/feuerwehr-oedheim.de\/wp-content\/uploads\/2025\/11\/Freiwillige-feuerwehr-oedheim-1.mp4?_=1\" \/><a href=\"https:\/\/feuerwehr-oedheim.de\/wp-content\/uploads\/2025\/11\/Freiwillige-feuerwehr-oedheim-1.mp4\">https:\/\/feuerwehr-oedheim.de\/wp-content\/uploads\/2025\/11\/Freiwillige-feuerwehr-oedheim-1.mp4<\/a><\/video><\/div><\/div><div id=\"panel-81-1-0-1\" class=\"so-panel widget widget_sow-editor\" data-index=\"5\" ><div\n\t\t\t\n\t\t\tclass=\"so-widget-sow-editor so-widget-sow-editor-base\"\n\t\t\t\n\t\t><h3 class=\"widget-title\">Vorsorge f\u00fcr den Notfall<\/h3>\n<div class=\"siteorigin-widget-tinymce textwidget\">\n\t<p data-start=\"877\" data-end=\"1147\">Wer gut vorbereitet ist, kann in Notf\u00e4llen nicht nur sich selbst, sondern auch Angeh\u00f6rige, Nachbarn und Mitmenschen in der Gemeinde unterst\u00fctzen \u2013 und so aktiv zur Bew\u00e4ltigung von Notlagen beitragen. Vorsorge ist also kein Thema nur f\u00fcr andere \u2013 sie betrifft uns alle.<\/p>\n<h1 data-start=\"877\" data-end=\"1147\"><\/h1>\n<div style=\"width: 640px;\" class=\"wp-video\"><video class=\"wp-video-shortcode\" id=\"video-81-2\" width=\"640\" height=\"360\" preload=\"metadata\" controls=\"controls\"><source type=\"video\/mp4\" src=\"https:\/\/multimedia.gsb.bund.de\/BBK\/Video\/Selbstschutz\/2025_BBK_Bevorratung_16zu9_lang.mp4?_=2\" \/><a href=\"https:\/\/multimedia.gsb.bund.de\/BBK\/Video\/Selbstschutz\/2025_BBK_Bevorratung_16zu9_lang.mp4\">https:\/\/multimedia.gsb.bund.de\/BBK\/Video\/Selbstschutz\/2025_BBK_Bevorratung_16zu9_lang.mp4<\/a><\/video><\/div>\n<h1 data-start=\"1149\" data-end=\"1361\"><\/h1>\n<p data-start=\"1149\" data-end=\"1361\">Helfen Sie mit, Krisensituationen in Oedheim gemeinschaftlich zu meistern. Sorgen Sie rechtzeitig vor!<\/p>\n<p data-start=\"1149\" data-end=\"1361\">Unter dem Link finden Sie Informationen und Empfehlungen, wie Sie sich vorbereiten k\u00f6nnen:<\/p>\n<h1 data-start=\"1149\" data-end=\"1361\"><\/h1>\n<p data-start=\"1149\" data-end=\"1361\"><strong><a href=\"https:\/\/feuerwehr-oedheim.de\/index.php\/notfallvorsorge\/\">Notfallvorsorge \u2013 Feuerwehr<\/a><\/strong><\/p>\n<\/div>\n<\/div><\/div><div id=\"panel-81-1-0-2\" class=\"widget_text so-panel widget widget_custom_html panel-last-child\" data-index=\"6\" ><div class=\"widget_text panel-widget-style panel-widget-style-for-81-1-0-2\" ><div class=\"textwidget custom-html-widget\"><div id=\"fb-root\"><\/div>\n<script async defer crossorigin=\"anonymous\" src=\"https:\/\/connect.facebook.net\/de_DE\/sdk.js#xfbml=1&version=v16.0\" nonce=\"ouRsdh9w\"><\/script>\n\n<div class=\"fb-page\" data-href=\"https:\/\/www.facebook.com\/profile.php?id=100079711073629\" data-tabs=\"timeline\" data-width=\"\" data-height=\"\" data-small-header=\"true\" data-adapt-container-width=\"true\" data-hide-cover=\"false\" data-show-facepile=\"false\"><blockquote cite=\"https:\/\/www.facebook.com\/profile.php?id=100079711073629\" class=\"fb-xfbml-parse-ignore\"><a href=\"https:\/\/www.facebook.com\/profile.php?id=100079711073629\">Feuerwehr Oedheim<\/a><\/blockquote><\/div><\/div><\/div><\/div><\/div><\/div><\/div><div id=\"pg-81-2\"  class=\"panel-grid panel-has-style\" ><div class=\"siteorigin-panels-stretch panel-row-style panel-row-style-for-81-2\" data-stretch-type=\"full\" ><div id=\"pgc-81-2-0\"  class=\"panel-grid-cell panel-grid-cell-empty\" ><\/div><\/div><\/div><\/div>","protected":false},"excerpt":{"rendered":"<p>\ud83d\ude92 Tag der offenen T\u00fcr bei der Freiwilligen Feuerwehr Oedheim \ud83d\udcc5 Sonntag, 13. September 2026 \u23f0 11:00 Uhr \ud83d\udccd Feuerwehrhaus Oedheim Ein Tag voller Feuerwehr, spannender Einblicke und echter Feuerwehr-Atmosph\u00e4re <a class=\"more-link\" href=\"https:\/\/feuerwehr-oedheim.de\/\">weiterlesen \u2192<\/a><\/p>\n","protected":false},"author":1,"featured_media":0,"parent":0,"menu_order":0,"comment_status":"closed","ping_status":"closed","template":"","meta":{"footnotes":"","_members_access_role":[],"_members_access_error":""},"_links":{"self":[{"href":"https:\/\/feuerwehr-oedheim.de\/index.php\/wp-json\/wp\/v2\/pages\/81"}],"collection":[{"href":"https:\/\/feuerwehr-oedheim.de\/index.php\/wp-json\/wp\/v2\/pages"}],"about":[{"href":"https:\/\/feuerwehr-oedheim.de\/index.php\/wp-json\/wp\/v2\/types\/page"}],"author":[{"embeddable":true,"href":"https:\/\/feuerwehr-oedheim.de\/index.php\/wp-json\/wp\/v2\/users\/1"}],"replies":[{"embeddable":true,"href":"https:\/\/feuerwehr-oedheim.de\/index.php\/wp-json\/wp\/v2\/comments?post=81"}],"version-history":[{"count":507,"href":"https:\/\/feuerwehr-oedheim.de\/index.php\/wp-json\/wp\/v2\/pages\/81\/revisions"}],"predecessor-version":[{"id":27077,"href":"https:\/\/feuerwehr-oedheim.de\/index.php\/wp-json\/wp\/v2\/pages\/81\/revisions\/27077"}],"wp:attachment":[{"href":"https:\/\/feuerwehr-oedheim.de\/index.php\/wp-json\/wp\/v2\/media?parent=81"}],"curies":[{"name":"wp","href":"https:\/\/api.w.org\/{rel}","templated":true}]}}

<div id="pl-81"  class="panel-layout" ><div id="pg-81-0"  class="panel-grid panel-has-style" ><div class="siteorigin-panels-stretch panel-row-style panel-row-style-for-81-0" data-stretch-type="full" ><div id="pgc-81-0-0"  class="panel-grid-cell" ><div id="panel-81-0-0-0" class="so-panel widget widget_media_image panel-first-child" data-index="0" ><img loading="lazy" decoding="async" width="1080" height="1350" src="https://feuerwehr-oedheim.de/wp-content/uploads/2026/08/13.09.-Instagram-Post-45.png" class="image wp-image-27073  attachment-full size-full" alt="" style="max-width: 100%; height: auto;" srcset="https://feuerwehr-oedheim.de/wp-content/uploads/2026/08/13.09.-Instagram-Post-45.png 1080w, https://feuerwehr-oedheim.de/wp-content/uploads/2026/08/13.09.-Instagram-Post-45-240x300.png 240w, https://feuerwehr-oedheim.de/wp-content/uploads/2026/08/13.09.-Instagram-Post-45-768x960.png 768w, https://feuerwehr-oedheim.de/wp-content/uploads/2026/08/13.09.-Instagram-Post-45-480x600.png 480w, https://feuerwehr-oedheim.de/wp-content/uploads/2026/08/13.09.-Instagram-Post-45-128x160.png 128w" sizes="(max-width: 1080px) 100vw, 1080px" /></div><div id="panel-81-0-0-1" class="so-panel widget widget_text" data-index="1" >			<div class="textwidget"><div data-olk-copy-source="MessageBody">🚒 Tag der offenen Tür bei der Freiwilligen Feuerwehr Oedheim</div>
<div dir="ltr"></div>
<div>📅 Sonntag, 13. September 2026</div>
<div>⏰ 11:00 Uhr</div>
<div>📍 Feuerwehrhaus Oedheim</div>
<div dir="ltr"></div>
<div>Ein Tag voller Feuerwehr, spannender Einblicke und echter Feuerwehr-Atmosphäre für euch! 🔥</div>
<div dir="ltr"></div>
<div><strong>✨ Das erwartet euch darüberhinaus: </strong></div>
<div>🚒 Fahrzeugschau</div>
<div>👨‍🚒 Blick hinter die Tore unserer Feuerwehr</div>
<div>🚨 Feuerwehrtechnik hautnah erleben</div>
<div>🎉 Kinderprogramm</div>
<div>☕ Kaffee &amp; Kuchen</div>
<div>🍔 Leckere Speisen &amp; kühle Getränke</div>
<div dir="ltr"></div>
<div><strong>⭐ Besonderes Highlight:</strong></div>
<div>🚒 Übergabe und Fahrzeugweihe unseres neuen Mannschaftstransportwagens (MTW) 💫</div>
<div dir="ltr"></div>
<div>Gemeinsam möchten wir diesen besonderen Tag feiern und unser neues Fahrzeug offiziell in Dienst stellen.</div>
<div dir="ltr"></div>
<div>Ob Groß oder Klein, Feuerwehrfan oder einfach neugierig – bei uns ist für jeden etwas dabei!</div>
<div dir="ltr"></div>
<div>Wir freuen uns auf euch! 🥳</div>
</div>
		</div><div id="panel-81-0-0-2" class="so-panel widget widget_media_image" data-index="2" ><img loading="lazy" decoding="async" width="1080" height="1350" src="https://feuerwehr-oedheim.de/wp-content/uploads/2026/08/Kopie-von-Jubilaeum.jpeg" class="image wp-image-27071  attachment-full size-full" alt="" style="max-width: 100%; height: auto;" srcset="https://feuerwehr-oedheim.de/wp-content/uploads/2026/08/Kopie-von-Jubilaeum.jpeg 1080w, https://feuerwehr-oedheim.de/wp-content/uploads/2026/08/Kopie-von-Jubilaeum-240x300.jpeg 240w, https://feuerwehr-oedheim.de/wp-content/uploads/2026/08/Kopie-von-Jubilaeum-768x960.jpeg 768w, https://feuerwehr-oedheim.de/wp-content/uploads/2026/08/Kopie-von-Jubilaeum-480x600.jpeg 480w, https://feuerwehr-oedheim.de/wp-content/uploads/2026/08/Kopie-von-Jubilaeum-128x160.jpeg 128w" sizes="(max-width: 1080px) 100vw, 1080px" /></div><div id="panel-81-0-0-3" class="so-panel widget widget_text panel-last-child" data-index="3" >			<div class="textwidget"><p class="isSelectedEnd">🚒🎉 <strong>Kinderfest zum Jubiläum der Freiwilligen Feuerwehr Oedheim</strong> 🎉🚒</p>
<p class="isSelectedEnd">📅 <strong>Samstag, 26. September 2026</strong><br />
⏰ <strong>ab 11:00 Uhr</strong><br />
📍 <strong>EDEKA-Parkplatz in Oedheim</strong></p>
<p class="isSelectedEnd">Wir feiern Jubiläum – und das gemeinsam mit euch! 🥳<br />
Freut euch auf ein tolles <strong>Kinderfest rund um die Feuerwehr</strong> mit spannenden Erlebnissen, Spiel und Spaß für die ganze Familie. 🚒🔥</p>
<p class="isSelectedEnd"><strong>✨ Das erwartet euch:</strong><br />
🚒 Feuerwehrfahrzeuge hautnah erleben<br />
🚨 Feuerwehrtechnik entdecken<br />
🎉 Tolles Kinderprogramm<br />
🍔 Leckere Feuerwehrwürste &amp; kühle Getränke<br />
🎈 Jede Menge Spaß für unsere kleinen und großen Gäste</p>
<p class="isSelectedEnd"><strong>⭐ Besonderes Highlight um 11:30 Uhr:</strong><br />
🏅 <strong>Ehrung für Herrn Ueltzhöfer mit der Floriansplakette der Jugendfeuerwehr Baden-Württemberg</strong> 🏅</p>
<p class="isSelectedEnd">Damit würdigen wir sein besonderes Engagement und seinen Einsatz für die Jugendfeuerwehr.</p>
<p class="isSelectedEnd">Ein ganz besonderer Moment im Rahmen unseres Jubiläums! ❤️🚒</p>
<p class="isSelectedEnd">Kommt vorbei und feiert mit uns einen unvergesslichen Tag!<br />
<strong>Ob Groß oder Klein – bei unserem Kinderfest ist für jeden etwas dabei!</strong> 🎉</p>
<p>Wir freuen uns auf euch! 🥳🚒</p>
</div>
		</div></div></div></div><div id="pg-81-1"  class="panel-grid panel-has-style" ><div class="siteorigin-panels-stretch panel-row-style panel-row-style-for-81-1" data-stretch-type="full" ><div id="pgc-81-1-0"  class="panel-grid-cell" ><div id="panel-81-1-0-0" class="so-panel widget widget_media_video panel-first-child" data-index="4" ><div style="width:100%;" class="wp-video"><!--[if lt IE 9]><script>document.createElement('video');</script><![endif]-->
<video class="wp-video-shortcode" id="video-81-1" preload="auto" controls="controls"><source type="video/mp4" src="https://feuerwehr-oedheim.de/wp-content/uploads/2025/11/Freiwillige-feuerwehr-oedheim-1.mp4?_=1" /><source type="video/mp4" src="https://feuerwehr-oedheim.de/wp-content/uploads/2025/11/Freiwillige-feuerwehr-oedheim-1.mp4?_=1" /><a href="https://feuerwehr-oedheim.de/wp-content/uploads/2025/11/Freiwillige-feuerwehr-oedheim-1.mp4">https://feuerwehr-oedheim.de/wp-content/uploads/2025/11/Freiwillige-feuerwehr-oedheim-1.mp4</a></video></div></div><div id="panel-81-1-0-1" class="so-panel widget widget_sow-editor" data-index="5" ><div
			
			class="so-widget-sow-editor so-widget-sow-editor-base"
			
		><h3 class="widget-title">Vorsorge für den Notfall</h3>
<div class="siteorigin-widget-tinymce textwidget">
	<p data-start="877" data-end="1147">Wer gut vorbereitet ist, kann in Notfällen nicht nur sich selbst, sondern auch Angehörige, Nachbarn und Mitmenschen in der Gemeinde unterstützen – und so aktiv zur Bewältigung von Notlagen beitragen. Vorsorge ist also kein Thema nur für andere – sie betrifft uns alle.</p>
<h1 data-start="877" data-end="1147"></h1>
<div style="width: 640px;" class="wp-video"><video class="wp-video-shortcode" id="video-81-2" width="640" height="360" preload="metadata" controls="controls"><source type="video/mp4" src="https://multimedia.gsb.bund.de/BBK/Video/Selbstschutz/2025_BBK_Bevorratung_16zu9_lang.mp4?_=2" /><a href="https://multimedia.gsb.bund.de/BBK/Video/Selbstschutz/2025_BBK_Bevorratung_16zu9_lang.mp4">https://multimedia.gsb.bund.de/BBK/Video/Selbstschutz/2025_BBK_Bevorratung_16zu9_lang.mp4</a></video></div>
<h1 data-start="1149" data-end="1361"></h1>
<p data-start="1149" data-end="1361">Helfen Sie mit, Krisensituationen in Oedheim gemeinschaftlich zu meistern. Sorgen Sie rechtzeitig vor!</p>
<p data-start="1149" data-end="1361">Unter dem Link finden Sie Informationen und Empfehlungen, wie Sie sich vorbereiten können:</p>
<h1 data-start="1149" data-end="1361"></h1>
<p data-start="1149" data-end="1361"><strong><a href="https://feuerwehr-oedheim.de/index.php/notfallvorsorge/">Notfallvorsorge – Feuerwehr</a></strong></p>
</div>
</div></div><div id="panel-81-1-0-2" class="widget_text so-panel widget widget_custom_html panel-last-child" data-index="6" ><div class="widget_text panel-widget-style panel-widget-style-for-81-1-0-2" ><div class="textwidget custom-html-widget"><div id="fb-root"></div>
<script async defer crossorigin="anonymous" src="https://connect.facebook.net/de_DE/sdk.js#xfbml=1&version=v16.0" nonce="ouRsdh9w"></script>

<div class="fb-page" data-href="https://www.facebook.com/profile.php?id=100079711073629" data-tabs="timeline" data-width="" data-height="" data-small-header="true" data-adapt-container-width="true" data-hide-cover="false" data-show-facepile="false"><blockquote cite="https://www.facebook.com/profile.php?id=100079711073629" class="fb-xfbml-parse-ignore"><a href="https://www.facebook.com/profile.php?id=100079711073629">Feuerwehr Oedheim</a></blockquote></div></div></div></div></div></div></div><div id="pg-81-2"  class="panel-grid panel-has-style" ><div class="siteorigin-panels-stretch panel-row-style panel-row-style-for-81-2" data-stretch-type="full" ><div id="pgc-81-2-0"  class="panel-grid-cell panel-grid-cell-empty" ></div></div></div></div>

<p>🚒 Tag der offenen Tür bei der Freiwilligen Feuerwehr Oedheim 📅 Sonntag, 13. September 2026 ⏰ 11:00 Uhr 📍 Feuerwehrhaus Oedheim Ein Tag voller Feuerwehr, spannender Einblicke und echter Feuerwehr-Atmosphäre <a class="more-link" href="https://feuerwehr-oedheim.de/">weiterlesen →</a></p>
